207.46.13.46 - Mozilla/5.0%20(compatible;%20bingbot/2.0;%20+http://www.bing.com/bingbot.htm) [30/Sep/2021:19:53:22 +0200] "GET /~b2stts2b/ HTTP/1.0" 200 1048
40.77.139.54 - Mozilla/5.0%20(Windows%20NT%206.1;%20WOW64)%20AppleWebKit/534+%20(KHTML,%20like%20Gecko)%20BingPreview/1.0b [30/Sep/2021:19:53:24 +0200] "GET /~b2stts2b/internal-gopher-text HTTP/1.0" 200 488
157.55.39.113 - Mozilla/5.0%20(compatible;%20bingbot/2.0;%20+http://www.bing.com/bingbot.htm) [09/Oct/2021:07:02:45 +0200] "GET /~b2stts2b/ HTTP/1.0" 200 1050
207.46.13.34 - Mozilla/5.0%20(compatible;%20bingbot/2.0;%20+http://www.bing.com/bingbot.htm) [09/Oct/2021:07:05:45 +0200] "GET /~b2stts2b/internal-gopher-text HTTP/1.0" 200 488
87.250.224.187 - Mozilla/5.0%20(compatible;%20YandexBot/3.0;%20+http://yandex.com/bots)%20AppleWebKit/537.36%20(KHTML,%20like%20Gecko)%20Chrome/81.0.4044.268 [11/Oct/2021:05:09:36 +0200] "GET /~b2stts2b/ HTTP/1.0" 200 1051
87.250.224.187 - Mozilla/5.0%20(compatible;%20YandexBot/3.0;%20+http://yandex.com/bots)%20AppleWebKit/537.36%20(KHTML,%20like%20Gecko)%20Chrome/81.0.4044.268 [11/Oct/2021:05:10:10 +0200] "GET /~b2stts2b/?sort=type HTTP/1.0" 200 1049
213.180.203.85 - Mozilla/5.0%20(compatible;%20YandexBot/3.0;%20+http://yandex.com/bots)%20AppleWebKit/537.36%20(KHTML,%20like%20Gecko)%20Chrome/81.0.4044.268 [11/Oct/2021:05:10:10 +0200] "GET /~b2stts2b/?sort=name&reverse=1 HTTP/1.0" 200 1040
87.250.224.187 - Mozilla/5.0%20(compatible;%20YandexBot/3.0;%20+http://yandex.com/bots)%20AppleWebKit/537.36%20(KHTML,%20like%20Gecko)%20Chrome/81.0.4044.268 [11/Oct/2021:05:10:10 +0200] "GET /~b2stts2b/?sort=modified HTTP/1.0" 200 1048
87.250.224.187 - Mozilla/5.0%20(compatible;%20YandexImages/3.0;%20+http://yandex.com/bots) [11/Oct/2021:05:10:11 +0200] "GET /~b2stts2b/internal-gopher-text HTTP/1.0" 200 488
213.180.203.85 - Mozilla/5.0%20(compatible;%20YandexBot/3.0;%20+http://yandex.com/bots)%20AppleWebKit/537.36%20(KHTML,%20like%20Gecko)%20Chrome/81.0.4044.268 [11/Oct/2021:05:10:11 +0200] "GET /~b2stts2b/AccessLog HTTP/1.0" 200 807
87.250.224.187 - Mozilla/5.0%20(compatible;%20YandexBot/3.0;%20+http://yandex.com/bots)%20AppleWebKit/537.36%20(KHTML,%20like%20Gecko)%20Chrome/81.0.4044.268 [11/Oct/2021:05:10:13 +0200] "GET /~b2stts2b/?sort=size HTTP/1.0" 200 1049
87.250.224.187 - Mozilla/5.0%20(compatible;%20YandexBot/3.0;%20+http://yandex.com/bots)%20AppleWebKit/537.36%20(KHTML,%20like%20Gecko)%20Chrome/81.0.4044.268 [11/Oct/2021:05:11:02 +0200] "GET /~b2stts2b/?sort=type&reverse=1 HTTP/1.0" 200 1041
87.250.224.187 - Mozilla/5.0%20(compatible;%20YandexBot/3.0;%20+http://yandex.com/bots)%20AppleWebKit/537.36%20(KHTML,%20like%20Gecko)%20Chrome/81.0.4044.268 [11/Oct/2021:05:11:07 +0200] "GET /~b2stts2b/?sort=name HTTP/1.0" 200 1050
87.250.224.187 - Mozilla/5.0%20(compatible;%20YandexBot/3.0;%20+http://yandex.com/bots)%20AppleWebKit/537.36%20(KHTML,%20like%20Gecko)%20Chrome/81.0.4044.268 [11/Oct/2021:05:11:28 +0200] "GET /~b2stts2b/?sort=size&reverse=1 HTTP/1.0" 200 1041
87.250.224.187 - Mozilla/5.0%20(compatible;%20YandexBot/3.0;%20+http://yandex.com/bots)%20AppleWebKit/537.36%20(KHTML,%20like%20Gecko)%20Chrome/81.0.4044.268 [11/Oct/2021:05:11:28 +0200] "GET /~b2stts2b/?sort=modified&reverse=1 HTTP/1.0" 200 1041
87.250.224.187 - Mozilla/5.0%20(compatible;%20YandexBot/3.0;%20+http://yandex.com/bots)%20AppleWebKit/537.36%20(KHTML,%20like%20Gecko)%20Chrome/81.0.4044.268 [11/Oct/2021:16:13:39 +0200] "GET /~b2stts2b/?sort=size&reverse=1 HTTP/1.0" 200 1041
157.55.39.113 - Mozilla/5.0%20(compatible;%20bingbot/2.0;%20+http://www.bing.com/bingbot.htm) [13/Oct/2021:19:22:41 +0200] "GET /~b2stts2b/ HTTP/1.0" 200 1051
207.46.13.34 - Mozilla/5.0%20(compatible;%20bingbot/2.0;%20+http://www.bing.com/bingbot.htm) [13/Oct/2021:19:39:24 +0200] "GET /~b2stts2b/internal-gopher-text HTTP/1.0" 200 488
157.55.39.113 - Mozilla/5.0%20(compatible;%20bingbot/2.0;%20+http://www.bing.com/bingbot.htm) [15/Oct/2021:09:42:33 +0200] "GET /~b2stts2b/ HTTP/1.0" 200 1051
207.46.13.34 - Mozilla/5.0%20(compatible;%20bingbot/2.0;%20+http://www.bing.com/bingbot.htm) [15/Oct/2021:09:43:03 +0200] "GET /~b2stts2b/internal-gopher-text HTTP/1.0" 200 488
157.55.39.113 - Mozilla/5.0%20(compatible;%20bingbot/2.0;%20+http://www.bing.com/bingbot.htm) [17/Oct/2021:10:58:37 +0200] "GET /~b2stts2b/ HTTP/1.0" 200 1051
207.46.13.34 - Mozilla/5.0%20(compatible;%20bingbot/2.0;%20+http://www.bing.com/bingbot.htm) [17/Oct/2021:10:59:17 +0200] "GET /~b2stts2b/internal-gopher-text HTTP/1.0" 200 488
87.250.224.167 - Mozilla/5.0%20(compatible;%20YandexBot/3.0;%20+http://yandex.com/bots)%20AppleWebKit/537.36%20(KHTML,%20like%20Gecko)%20Chrome/81.0.4044.268 [19/Oct/2021:12:14:06 +0200] "GET /~b2stts2b/?sort=name HTTP/1.0" 200 1051
192.36.109.129 - Mozilla/5.0%20(Windows%20NT%2010.0;%20Win64;%20x64)%20AppleWebKit/537.36%20(KHTML,%20like%20Gecko)%20Chrome/94.0.4606.81%20Safari/537.36 [20/Oct/2021:05:05:40 +0200] "GET /~b2stts2b/ HTTP/1.0" 200 1052
192.36.109.129 - Mozilla/5.0%20(Windows%20NT%2010.0;%20Win64;%20x64)%20AppleWebKit/537.36%20(KHTML,%20like%20Gecko)%20Chrome/94.0.4606.81%20Safari/537.36 [20/Oct/2021:05:54:04 +0200] "GET /~b2stts2b/ HTTP/1.0" 200 1051
192.36.109.129 - Mozilla/5.0%20(Windows%20NT%2010.0;%20Win64;%20x64)%20AppleWebKit/537.36%20(KHTML,%20like%20Gecko)%20Chrome/94.0.4606.81%20Safari/537.36 [20/Oct/2021:05:54:09 +0200] "GET /~b2stts2b/ HTTP/1.0" 200 1051
192.36.109.129 - Mozilla/5.0%20(Windows%20NT%2010.0;%20Win64;%20x64)%20AppleWebKit/537.36%20(KHTML,%20like%20Gecko)%20Chrome/94.0.4606.81%20Safari/537.36 [20/Oct/2021:05:54:14 +0200] "GET /~b2stts2b/?reverse=1&sort=name HTTP/1.0" 200 1041
192.36.109.129 - Mozilla/5.0%20(Windows%20NT%2010.0;%20Win64;%20x64)%20AppleWebKit/537.36%20(KHTML,%20like%20Gecko)%20Chrome/94.0.4606.81%20Safari/537.36 [20/Oct/2021:05:54:19 +0200] "GET /~b2stts2b/?sort=size HTTP/1.0" 200 1050
192.36.109.129 - Mozilla/5.0%20(Windows%20NT%2010.0;%20Win64;%20x64)%20AppleWebKit/537.36%20(KHTML,%20like%20Gecko)%20Chrome/94.0.4606.81%20Safari/537.36 [20/Oct/2021:05:54:24 +0200] "GET /~b2stts2b/?sort=type HTTP/1.0" 200 1050
192.36.109.129 - Mozilla/5.0%20(Windows%20NT%2010.0;%20Win64;%20x64)%20AppleWebKit/537.36%20(KHTML,%20like%20Gecko)%20Chrome/94.0.4606.81%20Safari/537.36 [20/Oct/2021:05:54:29 +0200] "GET /~b2stts2b/?sort=modified HTTP/1.0" 200 1049
192.36.109.129 - Mozilla/5.0%20(Windows%20NT%2010.0;%20Win64;%20x64)%20AppleWebKit/537.36%20(KHTML,%20like%20Gecko)%20Chrome/94.0.4606.81%20Safari/537.36 [20/Oct/2021:05:54:35 +0200] "GET /~b2stts2b/AccessLog HTTP/1.0" 200 1088
192.36.109.129 - Mozilla/5.0%20(Windows%20NT%2010.0;%20Win64;%20x64)%20AppleWebKit/537.36%20(KHTML,%20like%20Gecko)%20Chrome/94.0.4606.81%20Safari/537.36 [20/Oct/2021:07:19:01 +0200] "GET /~b2stts2b/?sort=name HTTP/1.0" 200 1051
192.36.109.129 - Mozilla/5.0%20(Windows%20NT%2010.0;%20Win64;%20x64)%20AppleWebKit/537.36%20(KHTML,%20like%20Gecko)%20Chrome/94.0.4606.81%20Safari/537.36 [20/Oct/2021:07:19:05 +0200] "GET /~b2stts2b/?reverse=1&sort=size HTTP/1.0" 200 1042
192.36.109.129 - Mozilla/5.0%20(Windows%20NT%2010.0;%20Win64;%20x64)%20AppleWebKit/537.36%20(KHTML,%20like%20Gecko)%20Chrome/94.0.4606.81%20Safari/537.36 [20/Oct/2021:07:19:09 +0200] "GET /~b2stts2b/?reverse=1&sort=modified HTTP/1.0" 200 1042
40.77.167.27 - Mozilla/5.0%20(compatible;%20bingbot/2.0;%20+http://www.bing.com/bingbot.htm) [20/Oct/2021:14:50:12 +0200] "GET /~b2stts2b/ HTTP/1.0" 200 1051
207.46.13.34 - Mozilla/5.0%20(compatible;%20bingbot/2.0;%20+http://www.bing.com/bingbot.htm) [20/Oct/2021:14:50:25 +0200] "GET /~b2stts2b/internal-gopher-text HTTP/1.0" 200 488
207.46.13.86 - Mozilla/5.0%20(compatible;%20bingbot/2.0;%20+http://www.bing.com/bingbot.htm) [22/Oct/2021:04:35:51 +0200] "GET /~b2stts2b/?sort=name&reverse=1 HTTP/1.0" 200 1041
87.250.224.10 - Mozilla/5.0%20(compatible;%20YandexBot/3.0;%20+http://yandex.com/bots)%20AppleWebKit/537.36%20(KHTML,%20like%20Gecko)%20Chrome/81.0.4044.268 [22/Oct/2021:21:17:34 +0200] "GET /~b2stts2b/?sort=size HTTP/1.0" 200 1050
87.250.224.10 - Mozilla/5.0%20(compatible;%20YandexBot/3.0;%20+http://yandex.com/bots)%20AppleWebKit/537.36%20(KHTML,%20like%20Gecko)%20Chrome/81.0.4044.268 [23/Oct/2021:11:47:53 +0200] "GET /~b2stts2b/?sort=type HTTP/1.0" 200 1050
40.77.167.106 - Mozilla/5.0%20(compatible;%20bingbot/2.0;%20+http://www.bing.com/bingbot.htm) [25/Oct/2021:15:56:38 +0200] "GET /~b2stts2b/ HTTP/1.0" 200 1051
207.46.13.34 - Mozilla/5.0%20(compatible;%20bingbot/2.0;%20+http://www.bing.com/bingbot.htm) [25/Oct/2021:15:56:58 +0200] "GET /~b2stts2b/internal-gopher-text HTTP/1.0" 200 488
157.55.39.17 - Mozilla/5.0%20(compatible;%20bingbot/2.0;%20+http://www.bing.com/bingbot.htm) [29/Oct/2021:00:04:27 +0200] "GET /~b2stts2b/?sort=modified HTTP/1.0" 200 1049
157.55.39.161 - Mozilla/5.0%20(compatible;%20bingbot/2.0;%20+http://www.bing.com/bingbot.htm) [31/Oct/2021:12:29:48 +0100] "GET /~b2stts2b/AccessLog HTTP/1.0" 200 1256
157.55.39.141 - Mozilla/5.0%20(compatible;%20bingbot/2.0;%20+http://www.bing.com/bingbot.htm) [02/Nov/2021:02:27:53 +0100] "GET /~b2stts2b/?sort=size HTTP/1.0" 200 1051
40.77.167.106 - Mozilla/5.0%20(iPhone;%20CPU%20iPhone%20OS%207_0%20like%20Mac%20OS%20X)%20AppleWebKit/537.51.1%20(KHTML,%20like%20Gecko)%20Version/7.0%20Mobile/11A465%20Safari/9537.53%20(compatible;%20bingbot/2.0;%20+http://www.bing.com/bingbot.htm) [02/Nov/2021:09:15:40 +0100] "GET /~b2stts2b/ HTTP/1.0" 200 1052
40.77.167.99 - Mozilla/5.0%20(iPhone;%20CPU%20iPhone%20OS%207_0%20like%20Mac%20OS%20X)%20AppleWebKit/537.51.1%20(KHTML,%20like%20Gecko)%20Version/7.0%20Mobile/11A465%20Safari/9537.53%20(compatible;%20bingbot/2.0;%20+http://www.bing.com/bingbot.htm) [02/Nov/2021:09:16:00 +0100] "GET /~b2stts2b/internal-gopher-text HTTP/1.0" 200 488
185.191.171.12 - Mozilla/5.0%20(compatible;%20SemrushBot/7~bl;%20+http://www.semrush.com/bot.html) [08/Nov/2021:08:27:12 +0100] "GET /~b2stts2b/ HTTP/1.0" 200 1052
185.191.171.25 - Mozilla/5.0%20(compatible;%20SemrushBot/7~bl;%20+http://www.semrush.com/bot.html) [10/Nov/2021:04:58:44 +0100] "GET /~b2stts2b/ HTTP/1.0" 200 1052
185.191.171.19 - Mozilla/5.0%20(compatible;%20SemrushBot/7~bl;%20+http://www.semrush.com/bot.html) [11/Nov/2021:12:49:51 +0100] "GET /~b2stts2b/?sort=type HTTP/1.0" 200 1050
185.191.171.13 - Mozilla/5.0%20(compatible;%20SemrushBot/7~bl;%20+http://www.semrush.com/bot.html) [12/Nov/2021:00:38:17 +0100] "GET /~b2stts2b/?sort=size HTTP/1.0" 200 1049
185.191.171.10 - Mozilla/5.0%20(compatible;%20SemrushBot/7~bl;%20+http://www.semrush.com/bot.html) [12/Nov/2021:02:01:01 +0100] "GET /~b2stts2b/?sort=size HTTP/1.0" 200 1050
185.191.171.8 - Mozilla/5.0%20(compatible;%20SemrushBot/7~bl;%20+http://www.semrush.com/bot.html) [12/Nov/2021:15:43:13 +0100] "GET /~b2stts2b/ HTTP/1.0" 200 1052
185.191.171.4 - Mozilla/5.0%20(compatible;%20SemrushBot/7~bl;%20+http://www.semrush.com/bot.html) [12/Nov/2021:19:48:07 +0100] "GET /~b2stts2b/?sort=modified HTTP/1.0" 200 1049
185.191.171.9 - Mozilla/5.0%20(compatible;%20SemrushBot/7~bl;%20+http://www.semrush.com/bot.html) [13/Nov/2021:01:09:58 +0100] "GET /~b2stts2b/ HTTP/1.0" 200 1052
185.191.171.24 - Mozilla/5.0%20(compatible;%20SemrushBot/7~bl;%20+http://www.semrush.com/bot.html) [13/Nov/2021:05:44:13 +0100] "GET /~b2stts2b/?reverse=1&sort=name HTTP/1.0" 200 1041
185.191.171.25 - Mozilla/5.0%20(compatible;%20SemrushBot/7~bl;%20+http://www.semrush.com/bot.html) [13/Nov/2021:06:38:53 +0100] "GET /~b2stts2b/AccessLog HTTP/1.0" 200 1580
185.191.171.21 - Mozilla/5.0%20(compatible;%20SemrushBot/7~bl;%20+http://www.semrush.com/bot.html) [13/Nov/2021:11:18:36 +0100] "GET /~b2stts2b/?reverse=1&sort=name HTTP/1.0" 200 1041
185.191.171.17 - Mozilla/5.0%20(compatible;%20SemrushBot/7~bl;%20+http://www.semrush.com/bot.html) [13/Nov/2021:18:29:57 +0100] "GET /~b2stts2b/?sort=type HTTP/1.0" 200 1051
185.191.171.8 - Mozilla/5.0%20(compatible;%20SemrushBot/7~bl;%20+http://www.semrush.com/bot.html) [14/Nov/2021:00:30:03 +0100] "GET /~b2stts2b/?sort=modified HTTP/1.0" 200 1049
185.191.171.20 - Mozilla/5.0%20(compatible;%20SemrushBot/7~bl;%20+http://www.semrush.com/bot.html) [14/Nov/2021:17:15:04 +0100] "GET /~b2stts2b/ HTTP/1.0" 200 1052
185.191.171.6 - Mozilla/5.0%20(compatible;%20SemrushBot/7~bl;%20+http://www.semrush.com/bot.html) [15/Nov/2021:04:23:43 +0100] "GET /~b2stts2b/?reverse=1&sort=size HTTP/1.0" 200 1042
185.191.171.10 - Mozilla/5.0%20(compatible;%20SemrushBot/7~bl;%20+http://www.semrush.com/bot.html) [15/Nov/2021:07:38:28 +0100] "GET /~b2stts2b/?reverse=1&sort=name HTTP/1.0" 200 1042
185.191.171.6 - Mozilla/5.0%20(compatible;%20SemrushBot/7~bl;%20+http://www.semrush.com/bot.html) [15/Nov/2021:08:44:21 +0100] "GET /~b2stts2b/AccessLog HTTP/1.0" 200 1686
185.191.171.16 - Mozilla/5.0%20(compatible;%20SemrushBot/7~bl;%20+http://www.semrush.com/bot.html) [15/Nov/2021:09:42:29 +0100] "GET /~b2stts2b/AccessLog HTTP/1.0" 200 1698
185.191.171.8 - Mozilla/5.0%20(compatible;%20SemrushBot/7~bl;%20+http://www.semrush.com/bot.html) [15/Nov/2021:12:26:04 +0100] "GET /~b2stts2b/?reverse=1&sort=name HTTP/1.0" 200 1042
185.191.171.8 - Mozilla/5.0%20(compatible;%20SemrushBot/7~bl;%20+http://www.semrush.com/bot.html) [15/Nov/2021:19:41:00 +0100] "GET /~b2stts2b/?sort=type HTTP/1.0" 200 1051
185.191.171.10 - Mozilla/5.0%20(compatible;%20SemrushBot/7~bl;%20+http://www.semrush.com/bot.html) [16/Nov/2021:00:53:45 +0100] "GET /~b2stts2b/?sort=modified HTTP/1.0" 200 1050
185.191.171.9 - Mozilla/5.0%20(compatible;%20SemrushBot/7~bl;%20+http://www.semrush.com/bot.html) [16/Nov/2021:01:44:13 +0100] "GET /~b2stts2b/?sort=name HTTP/1.0" 200 1051
185.191.171.37 - Mozilla/5.0%20(compatible;%20SemrushBot/7~bl;%20+http://www.semrush.com/bot.html) [17/Nov/2021:04:51:25 +0100] "GET /~b2stts2b/?reverse=1&sort=size HTTP/1.0" 200 1042
185.191.171.24 - Mozilla/5.0%20(compatible;%20SemrushBot/7~bl;%20+http://www.semrush.com/bot.html) [17/Nov/2021:10:10:37 +0100] "GET /~b2stts2b/AccessLog HTTP/1.0" 200 1779
185.191.171.40 - Mozilla/5.0%20(compatible;%20SemrushBot/7~bl;%20+http://www.semrush.com/bot.html) [18/Nov/2021:18:19:03 +0100] "GET /~b2stts2b/?reverse=1&sort=modified HTTP/1.0" 200 1042
185.191.171.44 - Mozilla/5.0%20(compatible;%20SemrushBot/7~bl;%20+http://www.semrush.com/bot.html) [18/Nov/2021:20:11:56 +0100] "GET /~b2stts2b/?sort=name HTTP/1.0" 200 1051
185.191.171.41 - Mozilla/5.0%20(compatible;%20SemrushBot/7~bl;%20+http://www.semrush.com/bot.html) [19/Nov/2021:23:25:04 +0100] "GET /~b2stts2b/?reverse=1&sort=type HTTP/1.0" 200 1043
185.191.171.44 - Mozilla/5.0%20(compatible;%20SemrushBot/7~bl;%20+http://www.semrush.com/bot.html) [20/Nov/2021:19:44:49 +0100] "GET /~b2stts2b/?reverse=1&sort=modified HTTP/1.0" 200 1042
40.77.167.58 - Mozilla/5.0%20(compatible;%20bingbot/2.0;%20+http://www.bing.com/bingbot.htm) [21/Nov/2021:02:16:52 +0100] "GET /~b2stts2b/?sort=type HTTP/1.0" 200 1051
185.191.171.44 - Mozilla/5.0%20(compatible;%20SemrushBot/7~bl;%20+http://www.semrush.com/bot.html) [24/Nov/2021:21:54:15 +0100] "GET /~b2stts2b/ HTTP/1.0" 200 1052
185.191.171.14 - Mozilla/5.0%20(compatible;%20SemrushBot/7~bl;%20+http://www.semrush.com/bot.html) [28/Nov/2021:03:12:37 +0100] "GET /~b2stts2b/?sort=type HTTP/1.0" 200 1051
157.55.39.143 - Mozilla/5.0%20(compatible;%20bingbot/2.0;%20+http://www.bing.com/bingbot.htm) [29/Nov/2021:03:02:34 +0100] "GET /~b2stts2b/?sort=modified&reverse=1 HTTP/1.0" 200 1043
66.249.70.49 - Mozilla/5.0%20(Linux;%20Android%206.0.1;%20Nexus%205X%20Build/MMB29P)%20AppleWebKit/537.36%20(KHTML,%20like%20Gecko)%20Chrome/96.0.4664.45%20Mobile%20Safari/537.36%20(compatible;%20Googlebot/2.1;%20+http://www.google.com/bot.html) [30/Nov/2021:05:36:57 +0100] "GET /~b2stts2b/ HTTP/1.0" 200 1052
207.46.13.208 - Mozilla/5.0%20(compatible;%20bingbot/2.0;%20+http://www.bing.com/bingbot.htm) [30/Nov/2021:06:33:35 +0100] "GET /~b2stts2b/?sort=name HTTP/1.0" 200 1051
185.191.171.35 - Mozilla/5.0%20(compatible;%20SemrushBot/7~bl;%20+http://www.semrush.com/bot.html) [30/Nov/2021:17:43:16 +0100] "GET /~b2stts2b/?sort=size HTTP/1.0" 200 1051
185.191.171.11 - Mozilla/5.0%20(compatible;%20SemrushBot/7~bl;%20+http://www.semrush.com/bot.html) [08/Dec/2021:03:36:34 +0100] "GET /~b2stts2b/?reverse=1&sort=name HTTP/1.0" 200 1042
185.191.171.34 - Mozilla/5.0%20(compatible;%20SemrushBot/7~bl;%20+http://www.semrush.com/bot.html) [08/Dec/2021:16:06:10 +0100] "GET /~b2stts2b/?sort=type HTTP/1.0" 200 1051
185.191.171.10 - Mozilla/5.0%20(compatible;%20SemrushBot/7~bl;%20+http://www.semrush.com/bot.html) [09/Dec/2021:00:50:30 +0100] "GET /~b2stts2b/?sort=size HTTP/1.0" 200 1051
185.191.171.8 - Mozilla/5.0%20(compatible;%20SemrushBot/7~bl;%20+http://www.semrush.com/bot.html) [12/Dec/2021:11:00:49 +0100] "GET /~b2stts2b/AccessLog HTTP/1.0" 200 2101
185.191.171.11 - Mozilla/5.0%20(compatible;%20SemrushBot/7~bl;%20+http://www.semrush.com/bot.html) [15/Dec/2021:05:33:17 +0100] "GET /~b2stts2b/?sort=name HTTP/1.0" 200 1051
185.191.171.44 - Mozilla/5.0%20(compatible;%20SemrushBot/7~bl;%20+http://www.semrush.com/bot.html) [16/Dec/2021:18:22:36 +0100] "GET /~b2stts2b/?reverse=1&sort=name HTTP/1.0" 200 1042
157.55.39.126 - Mozilla/5.0%20(compatible;%20bingbot/2.0;%20+http://www.bing.com/bingbot.htm) [16/Dec/2021:22:31:34 +0100] "GET /~b2stts2b/AccessLog HTTP/1.0" 200 2145
185.191.171.16 - Mozilla/5.0%20(compatible;%20SemrushBot/7~bl;%20+http://www.semrush.com/bot.html) [18/Dec/2021:06:02:48 +0100] "GET /~b2stts2b/?sort=modified HTTP/1.0" 200 1050
185.191.171.44 - Mozilla/5.0%20(compatible;%20SemrushBot/7~bl;%20+http://www.semrush.com/bot.html) [19/Dec/2021:04:45:32 +0100] "GET /~b2stts2b/?reverse=1&sort=type HTTP/1.0" 200 1043
185.191.171.22 - Mozilla/5.0%20(compatible;%20SemrushBot/7~bl;%20+http://www.semrush.com/bot.html) [19/Dec/2021:10:08:28 +0100] "GET /~b2stts2b/?sort=modified HTTP/1.0" 200 1049
185.191.171.42 - Mozilla/5.0%20(compatible;%20SemrushBot/7~bl;%20+http://www.semrush.com/bot.html) [23/Dec/2021:12:50:20 +0100] "GET /~b2stts2b/?reverse=1&sort=modified HTTP/1.0" 200 1043
157.55.39.198 - Mozilla/5.0%20(compatible;%20bingbot/2.0;%20+http://www.bing.com/bingbot.htm) [23/Dec/2021:22:52:16 +0100] "GET /~b2stts2b/?sort=size&reverse=1 HTTP/1.0" 200 1043
216.244.66.203 - Mozilla/5.0%20(compatible;%20DotBot/1.2;%20+https://opensiteexplorer.org/dotbot;%20help@moz.com) [26/Dec/2021:08:46:02 +0100] "GET /%7Eb2stts2b/ HTTP/1.0" 200 2989
185.191.171.39 - Mozilla/5.0%20(compatible;%20SemrushBot/7~bl;%20+http://www.semrush.com/bot.html) [26/Dec/2021:20:59:04 +0100] "GET /~b2stts2b/ HTTP/1.0" 200 1053
185.191.171.15 - Mozilla/5.0%20(compatible;%20SemrushBot/7~bl;%20+http://www.semrush.com/bot.html) [01/Jan/2022:20:56:29 +0100] "GET /~b2stts2b/?sort=name HTTP/1.0" 200 1051
185.191.171.43 - Mozilla/5.0%20(compatible;%20SemrushBot/7~bl;%20+http://www.semrush.com/bot.html) [01/Jan/2022:21:38:27 +0100] "GET /~b2stts2b/ HTTP/1.0" 200 1052
185.191.171.9 - Mozilla/5.0%20(compatible;%20SemrushBot/7~bl;%20+http://www.semrush.com/bot.html) [05/Jan/2022:18:01:20 +0100] "GET /~b2stts2b/ HTTP/1.0" 200 1052
185.191.171.12 - Mozilla/5.0%20(compatible;%20SemrushBot/7~bl;%20+http://www.semrush.com/bot.html) [06/Jan/2022:02:24:50 +0100] "GET /~b2stts2b/?reverse=1&sort=modified HTTP/1.0" 200 1043
185.191.171.21 - Mozilla/5.0%20(compatible;%20SemrushBot/7~bl;%20+http://www.semrush.com/bot.html) [06/Jan/2022:20:14:11 +0100] "GET /~b2stts2b/AccessLog HTTP/1.0" 200 2388
185.191.171.25 - Mozilla/5.0%20(compatible;%20SemrushBot/7~bl;%20+http://www.semrush.com/bot.html) [07/Jan/2022:15:03:33 +0100] "GET /~b2stts2b/?sort=size HTTP/1.0" 200 1052
185.191.171.18 - Mozilla/5.0%20(compatible;%20SemrushBot/7~bl;%20+http://www.semrush.com/bot.html) [08/Jan/2022:21:07:54 +0100] "GET /~b2stts2b/?reverse=1&sort=name HTTP/1.0" 200 1042
185.191.171.9 - Mozilla/5.0%20(compatible;%20SemrushBot/7~bl;%20+http://www.semrush.com/bot.html) [09/Jan/2022:05:32:23 +0100] "GET /~b2stts2b/?sort=type HTTP/1.0" 200 1051
185.191.171.19 - Mozilla/5.0%20(compatible;%20SemrushBot/7~bl;%20+http://www.semrush.com/bot.html) [11/Jan/2022:22:58:31 +0100] "GET /~b2stts2b/?sort=size HTTP/1.0" 200 1051
185.191.171.9 - Mozilla/5.0%20(compatible;%20SemrushBot/7~bl;%20+http://www.semrush.com/bot.html) [14/Jan/2022:05:25:43 +0100] "GET /~b2stts2b/?reverse=1&sort=size HTTP/1.0" 200 1043
157.55.39.167 - Mozilla/5.0%20(compatible;%20bingbot/2.0;%20+http://www.bing.com/bingbot.htm) [16/Jan/2022:16:19:15 +0100] "GET /~b2stts2b/?sort=name HTTP/1.0" 200 1052
185.191.171.8 - Mozilla/5.0%20(compatible;%20SemrushBot/7~bl;%20+http://www.semrush.com/bot.html) [17/Jan/2022:23:25:29 +0100] "GET /~b2stts2b/?sort=type HTTP/1.0" 200 1052
185.191.171.3 - Mozilla/5.0%20(compatible;%20SemrushBot/7~bl;%20+http://www.semrush.com/bot.html) [19/Jan/2022:15:54:14 +0100] "GET /~b2stts2b/AccessLog HTTP/1.0" 200 2507
207.46.13.34 - Mozilla/5.0%20(compatible;%20bingbot/2.0;%20+http://www.bing.com/bingbot.htm) [23/Jan/2022:07:02:13 +0100] "GET /~b2stts2b/ HTTP/1.0" 200 1051
185.191.171.36 - Mozilla/5.0%20(compatible;%20SemrushBot/7~bl;%20+http://www.semrush.com/bot.html) [26/Jan/2022:20:32:25 +0100] "GET /~b2stts2b/?sort=modified HTTP/1.0" 200 1048
185.191.171.13 - Mozilla/5.0%20(compatible;%20SemrushBot/7~bl;%20+http://www.semrush.com/bot.html) [26/Jan/2022:21:55:40 +0100] "GET /~b2stts2b/?sort=name HTTP/1.0" 200 1051
185.191.171.1 - Mozilla/5.0%20(compatible;%20SemrushBot/7~bl;%20+http://www.semrush.com/bot.html) [29/Jan/2022:02:12:55 +0100] "GET /~b2stts2b/?sort=name HTTP/1.0" 200 1051
185.191.171.21 - Mozilla/5.0%20(compatible;%20SemrushBot/7~bl;%20+http://www.semrush.com/bot.html) [31/Jan/2022:13:59:44 +0100] "GET /~b2stts2b/?reverse=1&sort=size HTTP/1.0" 200 1041
207.46.13.75 - Mozilla/5.0%20(compatible;%20bingbot/2.0;%20+http://www.bing.com/bingbot.htm) [01/Feb/2022:04:09:54 +0100] "GET /~b2stts2b/AccessLog HTTP/1.0" 200 2593
185.191.171.7 - Mozilla/5.0%20(compatible;%20SemrushBot/7~bl;%20+http://www.semrush.com/bot.html) [09/Feb/2022:05:31:56 +0100] "GET /~b2stts2b/ HTTP/1.0" 200 1051
185.191.171.43 - Mozilla/5.0%20(compatible;%20SemrushBot/7~bl;%20+http://www.semrush.com/bot.html) [09/Feb/2022:11:20:53 +0100] "GET /~b2stts2b/ HTTP/1.0" 200 1052
185.191.171.24 - Mozilla/5.0%20(compatible;%20SemrushBot/7~bl;%20+http://www.semrush.com/bot.html) [10/Feb/2022:11:47:14 +0100] "GET /~b2stts2b/?reverse=1&sort=name HTTP/1.0" 200 1042
185.191.171.2 - Mozilla/5.0%20(compatible;%20SemrushBot/7~bl;%20+http://www.semrush.com/bot.html) [12/Feb/2022:12:22:12 +0100] "GET /~b2stts2b/AccessLog HTTP/1.0" 200 2654
185.191.171.10 - Mozilla/5.0%20(compatible;%20SemrushBot/7~bl;%20+http://www.semrush.com/bot.html) [13/Feb/2022:07:16:33 +0100] "GET /~b2stts2b/?sort=size HTTP/1.0" 200 1050
185.191.171.5 - Mozilla/5.0%20(compatible;%20SemrushBot/7~bl;%20+http://www.semrush.com/bot.html) [14/Feb/2022:15:28:16 +0100] "GET /~b2stts2b/AccessLog HTTP/1.0" 200 2682
185.191.171.41 - Mozilla/5.0%20(compatible;%20SemrushBot/7~bl;%20+http://www.semrush.com/bot.html) [17/Feb/2022:16:13:15 +0100] "GET /~b2stts2b/?sort=size HTTP/1.0" 200 1050
185.191.171.39 - Mozilla/5.0%20(compatible;%20SemrushBot/7~bl;%20+http://www.semrush.com/bot.html) [18/Feb/2022:21:42:10 +0100] "GET /~b2stts2b/?reverse=1&sort=name HTTP/1.0" 200 1041
185.191.171.36 - Mozilla/5.0%20(compatible;%20SemrushBot/7~bl;%20+http://www.semrush.com/bot.html) [22/Feb/2022:13:50:47 +0100] "GET /~b2stts2b/?reverse=1&sort=modified HTTP/1.0" 200 1042
185.191.171.45 - Mozilla/5.0%20(compatible;%20SemrushBot/7~bl;%20+http://www.semrush.com/bot.html) [24/Feb/2022:19:09:06 +0100] "GET /~b2stts2b/?sort=name HTTP/1.0" 200 1050
185.191.171.35 - Mozilla/5.0%20(compatible;%20SemrushBot/7~bl;%20+http://www.semrush.com/bot.html) [24/Feb/2022:19:55:52 +0100] "GET /~b2stts2b/ HTTP/1.0" 200 1051
185.191.171.14 - Mozilla/5.0%20(compatible;%20SemrushBot/7~bl;%20+http://www.semrush.com/bot.html) [25/Feb/2022:23:20:04 +0100] "GET /~b2stts2b/?reverse=1&sort=type HTTP/1.0" 200 1042
185.191.171.1 - Mozilla/5.0%20(compatible;%20SemrushBot/7~bl;%20+http://www.semrush.com/bot.html) [27/Feb/2022:16:14:56 +0100] "GET /~b2stts2b/AccessLog HTTP/1.0" 200 2785
185.191.171.18 - Mozilla/5.0%20(compatible;%20SemrushBot/7~bl;%20+http://www.semrush.com/bot.html) [04/Mar/2022:09:38:58 +0100] "GET /~b2stts2b/?sort=type HTTP/1.0" 200 1051
185.191.171.18 - Mozilla/5.0%20(compatible;%20SemrushBot/7~bl;%20+http://www.semrush.com/bot.html) [06/Mar/2022:09:55:53 +0100] "GET /~b2stts2b/?sort=type HTTP/1.0" 200 1050
185.191.171.22 - Mozilla/5.0%20(compatible;%20SemrushBot/7~bl;%20+http://www.semrush.com/bot.html) [08/Mar/2022:06:41:57 +0100] "GET /~b2stts2b/AccessLog HTTP/1.0" 200 2828
199.47.82.19 - Turnitin%20(https://bit.ly/2UvnfoQ) [09/Mar/2022:03:54:42 +0100] "GET /~b2stts2b/ HTTP/1.0" 200 1051
185.191.171.37 - Mozilla/5.0%20(compatible;%20SemrushBot/7~bl;%20+http://www.semrush.com/bot.html) [09/Mar/2022:11:14:36 +0100] "GET /~b2stts2b/?reverse=1&sort=type HTTP/1.0" 200 1043
185.191.171.14 - Mozilla/5.0%20(compatible;%20SemrushBot/7~bl;%20+http://www.semrush.com/bot.html) [11/Mar/2022:03:57:22 +0100] "GET /~b2stts2b/?sort=name HTTP/1.0" 200 1051
185.191.171.10 - Mozilla/5.0%20(compatible;%20SemrushBot/7~bl;%20+http://www.semrush.com/bot.html) [12/Mar/2022:18:26:11 +0100] "GET /~b2stts2b/?reverse=1&sort=name HTTP/1.0" 200 1041
157.55.39.192 - Mozilla/5.0%20(compatible;%20bingbot/2.0;%20+http://www.bing.com/bingbot.htm) [13/Mar/2022:06:21:36 +0100] "GET /~b2stts2b/?sort=type&reverse=1 HTTP/1.0" 200 1042
185.191.171.26 - Mozilla/5.0%20(compatible;%20SemrushBot/7~bl;%20+http://www.semrush.com/bot.html) [15/Mar/2022:10:22:03 +0100] "GET /~b2stts2b/?sort=modified HTTP/1.0" 200 1048
199.47.82.18 - Turnitin%20(https://bit.ly/2UvnfoQ) [17/Mar/2022:18:29:47 +0100] "GET /~b2stts2b/?reverse=1&sort=name HTTP/1.0" 200 1041
199.47.82.18 - Turnitin%20(https://bit.ly/2UvnfoQ) [17/Mar/2022:18:29:57 +0100] "GET /~b2stts2b/?sort=modified HTTP/1.0" 200 1049
199.47.82.18 - Turnitin%20(https://bit.ly/2UvnfoQ) [17/Mar/2022:18:30:07 +0100] "GET /~b2stts2b/?sort=size HTTP/1.0" 200 1051
199.47.82.18 - Turnitin%20(https://bit.ly/2UvnfoQ) [17/Mar/2022:18:30:17 +0100] "GET /~b2stts2b/?sort=type HTTP/1.0" 200 1050
199.47.82.18 - Turnitin%20(https://bit.ly/2UvnfoQ) [17/Mar/2022:18:30:27 +0100] "GET /~b2stts2b/AccessLog HTTP/1.0" 200 3016
185.191.171.1 - Mozilla/5.0%20(compatible;%20SemrushBot/7~bl;%20+http://www.semrush.com/bot.html) [18/Mar/2022:17:28:32 +0100] "GET /~b2stts2b/ HTTP/1.0" 200 1052
207.46.13.115 - Mozilla/5.0%20(compatible;%20bingbot/2.0;%20+http://www.bing.com/bingbot.htm) [22/Mar/2022:11:51:14 +0100] "GET /~b2stts2b/AccessLog HTTP/1.0" 200 3043
185.191.171.1 - Mozilla/5.0%20(compatible;%20SemrushBot/7~bl;%20+http://www.semrush.com/bot.html) [23/Mar/2022:05:11:55 +0100] "GET /~b2stts2b/?reverse=1&sort=name HTTP/1.0" 200 1042
185.191.171.7 - Mozilla/5.0%20(compatible;%20SemrushBot/7~bl;%20+http://www.semrush.com/bot.html) [24/Mar/2022:17:44:19 +0100] "GET /~b2stts2b/?reverse=1&sort=modified HTTP/1.0" 200 1042
185.191.171.11 - Mozilla/5.0%20(compatible;%20SemrushBot/7~bl;%20+http://www.semrush.com/bot.html) [27/Mar/2022:04:19:57 +0200] "GET /~b2stts2b/?sort=modified HTTP/1.0" 200 1049
216.244.66.203 - Mozilla/5.0%20(compatible;%20DotBot/1.2;%20+https://opensiteexplorer.org/dotbot;%20help@moz.com) [28/Mar/2022:01:22:54 +0200] "GET /%7Eb2stts2b/ HTTP/1.0" 200 2989
185.191.171.15 - Mozilla/5.0%20(compatible;%20SemrushBot/7~bl;%20+http://www.semrush.com/bot.html) [30/Mar/2022:14:26:44 +0200] "GET /~b2stts2b/?sort=size HTTP/1.0" 200 1051
185.191.171.41 - Mozilla/5.0%20(compatible;%20SemrushBot/7~bl;%20+http://www.semrush.com/bot.html) [30/Mar/2022:19:34:08 +0200] "GET /~b2stts2b/?reverse=1&sort=size HTTP/1.0" 200 1042
199.47.82.21 - Turnitin%20(https://bit.ly/2UvnfoQ) [02/Apr/2022:07:27:56 +0200] "GET /~b2stts2b/?reverse=1&sort=modified HTTP/1.0" 200 1042
199.47.82.21 - Turnitin%20(https://bit.ly/2UvnfoQ) [02/Apr/2022:07:28:06 +0200] "GET /~b2stts2b/?reverse=1&sort=size HTTP/1.0" 200 1042
199.47.82.21 - Turnitin%20(https://bit.ly/2UvnfoQ) [02/Apr/2022:07:28:16 +0200] "GET /~b2stts2b/?reverse=1&sort=type HTTP/1.0" 200 1042
199.47.82.21 - Turnitin%20(https://bit.ly/2UvnfoQ) [02/Apr/2022:07:28:26 +0200] "GET /~b2stts2b/?sort=name HTTP/1.0" 200 1051
185.191.171.8 - Mozilla/5.0%20(compatible;%20SemrushBot/7~bl;%20+http://www.semrush.com/bot.html) [03/Apr/2022:01:26:37 +0200] "GET /~b2stts2b/AccessLog HTTP/1.0" 200 3192
185.191.171.34 - Mozilla/5.0%20(compatible;%20SemrushBot/7~bl;%20+http://www.semrush.com/bot.html) [07/Apr/2022:20:24:27 +0200] "GET /~b2stts2b/?reverse=1&sort=type HTTP/1.0" 200 1043
185.191.171.24 - Mozilla/5.0%20(compatible;%20SemrushBot/7~bl;%20+http://www.semrush.com/bot.html) [12/Apr/2022:10:22:33 +0200] "GET /~b2stts2b/?sort=name HTTP/1.0" 200 1051
185.191.171.2 - Mozilla/5.0%20(compatible;%20SemrushBot/7~bl;%20+http://www.semrush.com/bot.html) [14/Apr/2022:11:50:42 +0200] "GET /~b2stts2b/ HTTP/1.0" 200 1051
185.191.171.7 - Mozilla/5.0%20(compatible;%20SemrushBot/7~bl;%20+http://www.semrush.com/bot.html) [15/Apr/2022:18:56:15 +0200] "GET /~b2stts2b/?sort=type HTTP/1.0" 200 1051
185.191.171.8 - Mozilla/5.0%20(compatible;%20SemrushBot/7~bl;%20+http://www.semrush.com/bot.html) [19/Apr/2022:16:05:24 +0200] "GET /~b2stts2b/AccessLog HTTP/1.0" 200 3268
185.191.171.7 - Mozilla/5.0%20(compatible;%20SemrushBot/7~bl;%20+http://www.semrush.com/bot.html) [19/Apr/2022:22:27:51 +0200] "GET /~b2stts2b/?sort=type HTTP/1.0" 200 1051
185.191.171.19 - Mozilla/5.0%20(compatible;%20SemrushBot/7~bl;%20+http://www.semrush.com/bot.html) [21/Apr/2022:02:49:11 +0200] "GET /~b2stts2b/ HTTP/1.0" 200 1053
185.191.171.5 - Mozilla/5.0%20(compatible;%20SemrushBot/7~bl;%20+http://www.semrush.com/bot.html) [21/Apr/2022:17:03:40 +0200] "GET /~b2stts2b/?reverse=1&sort=name HTTP/1.0" 200 1042
185.191.171.10 - Mozilla/5.0%20(compatible;%20SemrushBot/7~bl;%20+http://www.semrush.com/bot.html) [21/Apr/2022:18:42:19 +0200] "GET /~b2stts2b/AccessLog HTTP/1.0" 200 3324
185.191.171.3 - Mozilla/5.0%20(compatible;%20SemrushBot/7~bl;%20+http://www.semrush.com/bot.html) [28/Apr/2022:10:43:34 +0200] "GET /~b2stts2b/AccessLog HTTP/1.0" 200 3341
185.191.171.38 - Mozilla/5.0%20(compatible;%20SemrushBot/7~bl;%20+http://www.semrush.com/bot.html) [28/Apr/2022:14:07:40 +0200] "GET /~b2stts2b/?reverse=1&sort=name HTTP/1.0" 200 1042
185.191.171.34 - Mozilla/5.0%20(compatible;%20SemrushBot/7~bl;%20+http://www.semrush.com/bot.html) [03/May/2022:12:36:46 +0200] "GET /~b2stts2b/?sort=modified HTTP/1.0" 200 1049
185.191.171.37 - Mozilla/5.0%20(compatible;%20SemrushBot/7~bl;%20+http://www.semrush.com/bot.html) [08/May/2022:01:11:26 +0200] "GET /~b2stts2b/?sort=size HTTP/1.0" 200 1051
185.191.171.2 - Mozilla/5.0%20(compatible;%20SemrushBot/7~bl;%20+http://www.semrush.com/bot.html) [08/May/2022:14:13:40 +0200] "GET /~b2stts2b/?reverse=1&sort=modified HTTP/1.0" 200 1043
217.115.34.254 - Mozilla/5.0%20(Windows%20NT%2010.0;%20Win64;%20x64)%20AppleWebKit/537.36%20(KHTML,%20like%20Gecko)%20Chrome/60.0.3112.113%20Safari/537.36 [09/May/2022:15:14:39 +0200] "GET /~b2stts2b/?sort=type&reverse=1 HTTP/1.0" 200 1043
207.46.13.5 - Mozilla/5.0%20(compatible;%20bingbot/2.0;%20+http://www.bing.com/bingbot.htm) [10/May/2022:03:57:25 +0200] "GET /~b2stts2b/AccessLog HTTP/1.0" 200 3458
185.191.171.9 - Mozilla/5.0%20(compatible;%20SemrushBot/7~bl;%20+http://www.semrush.com/bot.html) [12/May/2022:14:20:31 +0200] "GET /~b2stts2b/?reverse=1&sort=size HTTP/1.0" 200 1042
185.191.171.14 - Mozilla/5.0%20(compatible;%20SemrushBot/7~bl;%20+http://www.semrush.com/bot.html) [14/May/2022:14:05:30 +0200] "GET /~b2stts2b/?sort=size HTTP/1.0" 200 1051
185.191.171.23 - Mozilla/5.0%20(compatible;%20SemrushBot/7~bl;%20+http://www.semrush.com/bot.html) [15/May/2022:22:07:08 +0200] "GET /~b2stts2b/AccessLog HTTP/1.0" 200 3504
185.191.171.22 - Mozilla/5.0%20(compatible;%20SemrushBot/7~bl;%20+http://www.semrush.com/bot.html) [18/May/2022:01:25:13 +0200] "GET /~b2stts2b/AccessLog HTTP/1.0" 200 3521
185.191.171.18 - Mozilla/5.0%20(compatible;%20SemrushBot/7~bl;%20+http://www.semrush.com/bot.html) [18/May/2022:13:43:04 +0200] "GET /~b2stts2b/?reverse=1&sort=type HTTP/1.0" 200 1043
77.88.5.250 - Mozilla/5.0%20(compatible;%20YandexBot/3.0;%20+http://yandex.com/bots) [21/May/2022:14:49:31 +0200] "GET /~b2stts2b/?sort=name HTTP/1.0" 200 1051
185.191.171.26 - Mozilla/5.0%20(compatible;%20SemrushBot/7~bl;%20+http://www.semrush.com/bot.html) [25/May/2022:18:12:51 +0200] "GET /~b2stts2b/ HTTP/1.0" 200 1052
185.191.171.42 - Mozilla/5.0%20(compatible;%20SemrushBot/7~bl;%20+http://www.semrush.com/bot.html) [27/May/2022:23:46:04 +0200] "GET /~b2stts2b/ HTTP/1.0" 200 1052
185.191.171.23 - Mozilla/5.0%20(compatible;%20SemrushBot/7~bl;%20+http://www.semrush.com/bot.html) [29/May/2022:03:29:38 +0200] "GET /~b2stts2b/AccessLog HTTP/1.0" 200 3605
185.191.171.10 - Mozilla/5.0%20(compatible;%20SemrushBot/7~bl;%20+http://www.semrush.com/bot.html) [31/May/2022:08:45:38 +0200] "GET /~b2stts2b/AccessLog HTTP/1.0" 200 3620
185.191.171.24 - Mozilla/5.0%20(compatible;%20SemrushBot/7~bl;%20+http://www.semrush.com/bot.html) [02/Jun/2022:12:19:55 +0200] "GET /~b2stts2b/?reverse=1&sort=name HTTP/1.0" 200 1042
185.191.171.42 - Mozilla/5.0%20(compatible;%20SemrushBot/7~bl;%20+http://www.semrush.com/bot.html) [04/Jun/2022:07:20:34 +0200] "GET /~b2stts2b/?sort=modified HTTP/1.0" 200 1049
185.191.171.44 - Mozilla/5.0%20(compatible;%20SemrushBot/7~bl;%20+http://www.semrush.com/bot.html) [10/Jun/2022:01:45:36 +0200] "GET /~b2stts2b/?sort=size HTTP/1.0" 200 1051
185.191.171.8 - Mozilla/5.0%20(compatible;%20SemrushBot/7~bl;%20+http://www.semrush.com/bot.html) [11/Jun/2022:16:49:25 +0200] "GET /~b2stts2b/?sort=type HTTP/1.0" 200 1051
185.191.171.35 - Mozilla/5.0%20(compatible;%20SemrushBot/7~bl;%20+http://www.semrush.com/bot.html) [16/Jun/2022:11:45:56 +0200] "GET /~b2stts2b/?sort=modified HTTP/1.0" 200 1050
185.191.171.41 - Mozilla/5.0%20(compatible;%20SemrushBot/7~bl;%20+http://www.semrush.com/bot.html) [17/Jun/2022:23:02:49 +0200] "GET /~b2stts2b/AccessLog HTTP/1.0" 200 3703
185.191.171.10 - Mozilla/5.0%20(compatible;%20SemrushBot/7~bl;%20+http://www.semrush.com/bot.html) [18/Jun/2022:17:40:56 +0200] "GET /~b2stts2b/?sort=name HTTP/1.0" 200 1052
185.191.171.36 - Mozilla/5.0%20(compatible;%20SemrushBot/7~bl;%20+http://www.semrush.com/bot.html) [20/Jun/2022:04:39:55 +0200] "GET /~b2stts2b/AccessLog HTTP/1.0" 200 3732
185.191.171.42 - Mozilla/5.0%20(compatible;%20SemrushBot/7~bl;%20+http://www.semrush.com/bot.html) [21/Jun/2022:06:33:53 +0200] "GET /~b2stts2b/?reverse=1&sort=size HTTP/1.0" 200 1043
185.191.171.45 - Mozilla/5.0%20(compatible;%20SemrushBot/7~bl;%20+http://www.semrush.com/bot.html) [22/Jun/2022:02:55:08 +0200] "GET /~b2stts2b/ HTTP/1.0" 200 1053
185.191.171.4 - Mozilla/5.0%20(compatible;%20SemrushBot/7~bl;%20+http://www.semrush.com/bot.html) [22/Jun/2022:20:43:09 +0200] "GET /~b2stts2b/?sort=type HTTP/1.0" 200 1052
185.191.171.7 - Mozilla/5.0%20(compatible;%20SemrushBot/7~bl;%20+http://www.semrush.com/bot.html) [23/Jun/2022:22:41:01 +0200] "GET /~b2stts2b/?sort=name HTTP/1.0" 200 1051
185.191.171.3 - Mozilla/5.0%20(compatible;%20SemrushBot/7~bl;%20+http://www.semrush.com/bot.html) [26/Jun/2022:19:34:37 +0200] "GET /~b2stts2b/AccessLog HTTP/1.0" 200 3800
157.55.39.65 - Mozilla/5.0%20(compatible;%20bingbot/2.0;%20+http://www.bing.com/bingbot.htm) [27/Jun/2022:21:42:50 +0200] "GET /~b2stts2b/AccessLog HTTP/1.0" 200 3814
185.191.171.3 - Mozilla/5.0%20(compatible;%20SemrushBot/7~bl;%20+http://www.semrush.com/bot.html) [28/Jun/2022:07:43:33 +0200] "GET /~b2stts2b/ HTTP/1.0" 200 1053
216.244.66.203 - Mozilla/5.0%20(compatible;%20DotBot/1.2;%20+https://opensiteexplorer.org/dotbot;%20help@moz.com) [28/Jun/2022:13:29:48 +0200] "GET /%7Eb2stts2b/ HTTP/1.0" 200 2989
185.191.171.8 - Mozilla/5.0%20(compatible;%20SemrushBot/7~bl;%20+http://www.semrush.com/bot.html) [29/Jun/2022:00:46:05 +0200] "GET /~b2stts2b/AccessLog HTTP/1.0" 200 3854
185.191.171.10 - Mozilla/5.0%20(compatible;%20SemrushBot/7~bl;%20+http://www.semrush.com/bot.html) [29/Jun/2022:20:53:03 +0200] "GET /~b2stts2b/?sort=size HTTP/1.0" 200 1051
185.191.171.20 - Mozilla/5.0%20(compatible;%20SemrushBot/7~bl;%20+http://www.semrush.com/bot.html) [01/Jul/2022:08:16:36 +0200] "GET /~b2stts2b/?reverse=1&sort=name HTTP/1.0" 200 1043
5.255.253.166 - Mozilla/5.0%20(compatible;%20YandexBot/3.0;%20+http://yandex.com/bots) [05/Jul/2022:01:37:32 +0200] "GET /~b2stts2b/?sort=name HTTP/1.0" 200 1051
185.191.171.7 - Mozilla/5.0%20(compatible;%20SemrushBot/7~bl;%20+http://www.semrush.com/bot.html) [10/Jul/2022:12:10:44 +0200] "GET /~b2stts2b/?reverse=1&sort=type HTTP/1.0" 200 1043
185.191.171.14 - Mozilla/5.0%20(compatible;%20SemrushBot/7~bl;%20+http://www.semrush.com/bot.html) [14/Jul/2022:14:07:47 +0200] "GET /~b2stts2b/?reverse=1&sort=name HTTP/1.0" 200 1042
185.191.171.15 - Mozilla/5.0%20(compatible;%20SemrushBot/7~bl;%20+http://www.semrush.com/bot.html) [19/Jul/2022:10:33:03 +0200] "GET /~b2stts2b/AccessLog HTTP/1.0" 200 3948
185.191.171.9 - Mozilla/5.0%20(compatible;%20SemrushBot/7~bl;%20+http://www.semrush.com/bot.html) [21/Jul/2022:17:38:28 +0200] "GET /~b2stts2b/AccessLog HTTP/1.0" 200 3965
185.191.171.15 - Mozilla/5.0%20(compatible;%20SemrushBot/7~bl;%20+http://www.semrush.com/bot.html) [29/Jul/2022:11:31:13 +0200] "GET /~b2stts2b/?sort=modified HTTP/1.0" 200 1050
185.191.171.9 - Mozilla/5.0%20(compatible;%20SemrushBot/7~bl;%20+http://www.semrush.com/bot.html) [29/Jul/2022:11:58:16 +0200] "GET /~b2stts2b/?sort=name HTTP/1.0" 200 1052
185.191.171.6 - Mozilla/5.0%20(compatible;%20SemrushBot/7~bl;%20+http://www.semrush.com/bot.html) [03/Aug/2022:17:27:37 +0200] "GET /~b2stts2b/ HTTP/1.0" 200 1053
185.191.171.43 - Mozilla/5.0%20(compatible;%20SemrushBot/7~bl;%20+http://www.semrush.com/bot.html) [08/Aug/2022:03:14:56 +0200] "GET /~b2stts2b/?reverse=1&sort=size HTTP/1.0" 200 1043
185.191.171.20 - Mozilla/5.0%20(compatible;%20SemrushBot/7~bl;%20+http://www.semrush.com/bot.html) [10/Aug/2022:23:19:36 +0200] "GET /~b2stts2b/ HTTP/1.0" 200 1053
185.191.171.37 - Mozilla/5.0%20(compatible;%20SemrushBot/7~bl;%20+http://www.semrush.com/bot.html) [11/Aug/2022:17:12:03 +0200] "GET /~b2stts2b/AccessLog HTTP/1.0" 200 4045
185.191.171.22 - Mozilla/5.0%20(compatible;%20SemrushBot/7~bl;%20+http://www.semrush.com/bot.html) [13/Aug/2022:06:35:47 +0200] "GET /~b2stts2b/?reverse=1&sort=modified HTTP/1.0" 200 1043
185.191.171.23 - Mozilla/5.0%20(compatible;%20SemrushBot/7~bl;%20+http://www.semrush.com/bot.html) [14/Aug/2022:14:30:39 +0200] "GET /~b2stts2b/?sort=type HTTP/1.0" 200 1051
185.191.171.3 - Mozilla/5.0%20(compatible;%20SemrushBot/7~bl;%20+http://www.semrush.com/bot.html) [15/Aug/2022:00:21:15 +0200] "GET /~b2stts2b/?sort=size HTTP/1.0" 200 1051
185.191.171.9 - Mozilla/5.0%20(compatible;%20SemrushBot/7~bl;%20+http://www.semrush.com/bot.html) [17/Aug/2022:00:00:52 +0200] "GET /~b2stts2b/?reverse=1&sort=type HTTP/1.0" 200 1043
207.46.13.82 - Mozilla/5.0%20(compatible;%20bingbot/2.0;%20+http://www.bing.com/bingbot.htm) [18/Aug/2022:05:31:42 +0200] "GET /~b2stts2b/AccessLog HTTP/1.0" 200 4113
185.191.171.5 - Mozilla/5.0%20(compatible;%20SemrushBot/7~bl;%20+http://www.semrush.com/bot.html) [25/Aug/2022:17:49:46 +0200] "GET /~b2stts2b/ HTTP/1.0" 200 1052
185.191.171.10 - Mozilla/5.0%20(compatible;%20SemrushBot/7~bl;%20+http://www.semrush.com/bot.html) [26/Aug/2022:04:46:40 +0200] "GET /~b2stts2b/?reverse=1&sort=name HTTP/1.0" 200 1042
185.191.171.23 - Mozilla/5.0%20(compatible;%20SemrushBot/7~bl;%20+http://www.semrush.com/bot.html) [28/Aug/2022:09:05:20 +0200] "GET /~b2stts2b/AccessLog HTTP/1.0" 200 4156
157.55.39.185 - Mozilla/5.0%20(compatible;%20bingbot/2.0;%20+http://www.bing.com/bingbot.htm) [29/Aug/2022:22:41:09 +0200] "GET /~b2stts2b/ HTTP/1.0" 200 1053
185.191.171.1 - Mozilla/5.0%20(compatible;%20SemrushBot/7~bl;%20+http://www.semrush.com/bot.html) [30/Aug/2022:19:28:01 +0200] "GET /~b2stts2b/AccessLog HTTP/1.0" 200 4186
185.191.171.10 - Mozilla/5.0%20(compatible;%20SemrushBot/7~bl;%20+http://www.semrush.com/bot.html) [31/Aug/2022:02:53:34 +0200] "GET /~b2stts2b/?sort=type HTTP/1.0" 200 1052
185.191.171.6 - Mozilla/5.0%20(compatible;%20SemrushBot/7~bl;%20+http://www.semrush.com/bot.html) [04/Sep/2022:22:52:30 +0200] "GET /~b2stts2b/?sort=modified HTTP/1.0" 200 1050
185.191.171.7 - Mozilla/5.0%20(compatible;%20SemrushBot/7~bl;%20+http://www.semrush.com/bot.html) [04/Sep/2022:23:58:14 +0200] "GET /~b2stts2b/?sort=name HTTP/1.0" 200 1052
185.191.171.5 - Mozilla/5.0%20(compatible;%20SemrushBot/7~bl;%20+http://www.semrush.com/bot.html) [05/Sep/2022:13:18:21 +0200] "GET /~b2stts2b/ HTTP/1.0" 200 1053
185.191.171.39 - Mozilla/5.0%20(compatible;%20SemrushBot/7~bl;%20+http://www.semrush.com/bot.html) [08/Sep/2022:11:21:22 +0200] "GET /~b2stts2b/AccessLog HTTP/1.0" 200 4260
185.191.171.36 - Mozilla/5.0%20(compatible;%20SemrushBot/7~bl;%20+http://www.semrush.com/bot.html) [13/Sep/2022:14:08:24 +0200] "GET /~b2stts2b/?sort=size HTTP/1.0" 200 1052
185.191.171.7 - Mozilla/5.0%20(compatible;%20SemrushBot/7~bl;%20+http://www.semrush.com/bot.html) [14/Sep/2022:06:57:27 +0200] "GET /~b2stts2b/ HTTP/1.0" 200 1052
185.191.171.6 - Mozilla/5.0%20(compatible;%20SemrushBot/7~bl;%20+http://www.semrush.com/bot.html) [15/Sep/2022:11:29:16 +0200] "GET /~b2stts2b/?sort=type HTTP/1.0" 200 1052
185.191.171.37 - Mozilla/5.0%20(compatible;%20SemrushBot/7~bl;%20+http://www.semrush.com/bot.html) [16/Sep/2022:09:45:38 +0200] "GET /~b2stts2b/?sort=name HTTP/1.0" 200 1051
185.191.171.11 - Mozilla/5.0%20(compatible;%20SemrushBot/7~bl;%20+http://www.semrush.com/bot.html) [21/Sep/2022:17:36:09 +0200] "GET /~b2stts2b/?reverse=1&sort=type HTTP/1.0" 200 1044
216.244.66.203 - Mozilla/5.0%20(compatible;%20DotBot/1.2;%20+https://opensiteexplorer.org/dotbot;%20help@moz.com) [28/Sep/2022:16:38:59 +0200] "GET /%7Eb2stts2b/ HTTP/1.0" 200 2989
185.191.171.4 - Mozilla/5.0%20(compatible;%20SemrushBot/7~bl;%20+http://www.semrush.com/bot.html) [03/Oct/2022:07:15:56 +0200] "GET /~b2stts2b/?sort=modified HTTP/1.0" 200 1050
185.191.171.8 - Mozilla/5.0%20(compatible;%20SemrushBot/7~bl;%20+http://www.semrush.com/bot.html) [03/Oct/2022:16:44:22 +0200] "GET /~b2stts2b/?reverse=1&sort=name HTTP/1.0" 200 1042
185.191.171.8 - Mozilla/5.0%20(compatible;%20SemrushBot/7~bl;%20+http://www.semrush.com/bot.html) [08/Oct/2022:17:19:54 +0200] "GET /~b2stts2b/?reverse=1&sort=modified HTTP/1.0" 200 1042
185.191.171.11 - Mozilla/5.0%20(compatible;%20SemrushBot/7~bl;%20+http://www.semrush.com/bot.html) [10/Oct/2022:06:29:58 +0200] "GET /~b2stts2b/?reverse=1&sort=modified HTTP/1.0" 200 1043
185.191.171.17 - Mozilla/5.0%20(compatible;%20SemrushBot/7~bl;%20+http://www.semrush.com/bot.html) [13/Oct/2022:01:42:15 +0200] "GET /~b2stts2b/?reverse=1&sort=type HTTP/1.0" 200 1041
185.191.171.14 - Mozilla/5.0%20(compatible;%20SemrushBot/7~bl;%20+http://www.semrush.com/bot.html) [14/Oct/2022:08:34:50 +0200] "GET /~b2stts2b/?sort=size HTTP/1.0" 200 1051
185.191.171.6 - Mozilla/5.0%20(compatible;%20SemrushBot/7~bl;%20+http://www.semrush.com/bot.html) [19/Oct/2022:06:14:22 +0200] "GET /~b2stts2b/ HTTP/1.0" 200 1052
5.45.207.65 - Mozilla/5.0%20(compatible;%20YandexBot/3.0;%20+http://yandex.com/bots) [22/Oct/2022:01:56:43 +0200] "GET /~b2stts2b/?sort=size HTTP/1.0" 200 1051
185.191.171.38 - Mozilla/5.0%20(compatible;%20SemrushBot/7~bl;%20+http://www.semrush.com/bot.html) [24/Oct/2022:06:23:35 +0200] "GET /~b2stts2b/ HTTP/1.0" 200 1052
185.191.171.26 - Mozilla/5.0%20(compatible;%20SemrushBot/7~bl;%20+http://www.semrush.com/bot.html) [26/Oct/2022:11:09:49 +0200] "GET /~b2stts2b/?sort=type HTTP/1.0" 200 1051
185.191.171.11 - Mozilla/5.0%20(compatible;%20SemrushBot/7~bl;%20+http://www.semrush.com/bot.html) [31/Oct/2022:07:15:37 +0100] "GET /~b2stts2b/?sort=name HTTP/1.0" 200 1051
185.191.171.21 - Mozilla/5.0%20(compatible;%20SemrushBot/7~bl;%20+http://www.semrush.com/bot.html) [04/Nov/2022:08:00:26 +0100] "GET /~b2stts2b/?reverse=1&sort=size HTTP/1.0" 200 1043
40.77.167.10 - Mozilla/5.0%20AppleWebKit/537.36%20(KHTML,%20like%20Gecko;%20compatible;%20bingbot/2.0;%20+http://www.bing.com/bingbot.htm)%20Chrome/103.0.5060.134%20Safari/537.36 [05/Nov/2022:07:57:06 +0100] "GET /~b2stts2b/?sort=name&reverse=1 HTTP/1.0" 200 1042
185.191.171.16 - Mozilla/5.0%20(compatible;%20SemrushBot/7~bl;%20+http://www.semrush.com/bot.html) [08/Nov/2022:02:36:36 +0100] "GET /~b2stts2b/?sort=type HTTP/1.0" 200 1051
185.191.171.5 - Mozilla/5.0%20(compatible;%20SemrushBot/7~bl;%20+http://www.semrush.com/bot.html) [08/Nov/2022:20:07:57 +0100] "GET /~b2stts2b/?sort=modified HTTP/1.0" 200 1049
185.191.171.38 - Mozilla/5.0%20(compatible;%20SemrushBot/7~bl;%20+http://www.semrush.com/bot.html) [09/Nov/2022:07:32:52 +0100] "GET /~b2stts2b/?sort=size HTTP/1.0" 200 1050
207.46.13.57 - Mozilla/5.0%20AppleWebKit/537.36%20(KHTML,%20like%20Gecko;%20compatible;%20bingbot/2.0;%20+http://www.bing.com/bingbot.htm)%20Chrome/103.0.5060.134%20Safari/537.36 [16/Nov/2022:19:54:21 +0100] "GET /~b2stts2b/AccessLog HTTP/1.0" 200 4611
185.191.171.1 - Mozilla/5.0%20(compatible;%20SemrushBot/7~bl;%20+http://www.semrush.com/bot.html) [17/Nov/2022:02:57:17 +0100] "GET /~b2stts2b/?sort=name HTTP/1.0" 200 1051
185.191.171.18 - Mozilla/5.0%20(compatible;%20SemrushBot/7~bl;%20+http://www.semrush.com/bot.html) [18/Nov/2022:22:19:41 +0100] "GET /~b2stts2b/?reverse=1&sort=name HTTP/1.0" 200 1042
157.55.39.143 - Mozilla/5.0%20AppleWebKit/537.36%20(KHTML,%20like%20Gecko;%20compatible;%20bingbot/2.0;%20+http://www.bing.com/bingbot.htm)%20Chrome/103.0.5060.134%20Safari/537.36 [25/Nov/2022:07:14:59 +0100] "GET /~b2stts2b/?sort=name HTTP/1.0" 200 1051
185.191.171.43 - Mozilla/5.0%20(compatible;%20SemrushBot/7~bl;%20+http://www.semrush.com/bot.html) [25/Nov/2022:07:19:50 +0100] "GET /~b2stts2b/AccessLog HTTP/1.0" 200 4671
185.191.171.26 - Mozilla/5.0%20(compatible;%20SemrushBot/7~bl;%20+http://www.semrush.com/bot.html) [25/Nov/2022:23:49:27 +0100] "GET /~b2stts2b/ HTTP/1.0" 200 1052
185.191.171.7 - Mozilla/5.0%20(compatible;%20SemrushBot/7~bl;%20+http://www.semrush.com/bot.html) [30/Nov/2022:08:48:26 +0100] "GET /~b2stts2b/?sort=modified HTTP/1.0" 200 1050
185.191.171.19 - Mozilla/5.0%20(compatible;%20SemrushBot/7~bl;%20+http://www.semrush.com/bot.html) [02/Dec/2022:20:39:23 +0100] "GET /~b2stts2b/?sort=size HTTP/1.0" 200 1051
185.191.171.15 - Mozilla/5.0%20(compatible;%20SemrushBot/7~bl;%20+http://www.semrush.com/bot.html) [06/Dec/2022:19:02:05 +0100] "GET /~b2stts2b/?reverse=1&sort=size HTTP/1.0" 200 1042
157.55.39.22 - Mozilla/5.0%20AppleWebKit/537.36%20(KHTML,%20like%20Gecko;%20compatible;%20bingbot/2.0;%20+http://www.bing.com/bingbot.htm)%20Chrome/103.0.5060.134%20Safari/537.36 [11/Dec/2022:23:31:51 +0100] "GET /~b2stts2b/?sort=size HTTP/1.0" 200 1051
185.191.171.17 - Mozilla/5.0%20(compatible;%20SemrushBot/7~bl;%20+http://www.semrush.com/bot.html) [12/Dec/2022:00:15:24 +0100] "GET /~b2stts2b/?reverse=1&sort=type HTTP/1.0" 200 1043
185.191.171.24 - Mozilla/5.0%20(compatible;%20SemrushBot/7~bl;%20+http://www.semrush.com/bot.html) [12/Dec/2022:19:42:04 +0100] "GET /~b2stts2b/ HTTP/1.0" 200 1051
185.191.171.22 - Mozilla/5.0%20(compatible;%20SemrushBot/7~bl;%20+http://www.semrush.com/bot.html) [13/Dec/2022:02:45:23 +0100] "GET /~b2stts2b/?sort=type HTTP/1.0" 200 1050
185.191.171.13 - Mozilla/5.0%20(compatible;%20SemrushBot/7~bl;%20+http://www.semrush.com/bot.html) [19/Dec/2022:21:46:30 +0100] "GET /~b2stts2b/?sort=name HTTP/1.0" 200 1051
185.191.171.26 - Mozilla/5.0%20(compatible;%20SemrushBot/7~bl;%20+http://www.semrush.com/bot.html) [23/Dec/2022:15:06:55 +0100] "GET /~b2stts2b/?reverse=1&sort=name HTTP/1.0" 200 1042
185.191.171.9 - Mozilla/5.0%20(compatible;%20SemrushBot/7~bl;%20+http://www.semrush.com/bot.html) [28/Dec/2022:23:51:08 +0100] "GET /~b2stts2b/?reverse=1&sort=modified HTTP/1.0" 200 1043
185.191.171.25 - Mozilla/5.0%20(compatible;%20SemrushBot/7~bl;%20+http://www.semrush.com/bot.html) [29/Dec/2022:02:59:05 +0100] "GET /~b2stts2b/?sort=type HTTP/1.0" 200 1052
40.77.167.10 - Mozilla/5.0%20(compatible;%20bingbot/2.0;%20+http://www.bing.com/bingbot.htm) [29/Dec/2022:19:10:44 +0100] "GET /~b2stts2b/?sort=modified HTTP/1.0" 200 1050
207.46.13.138 - Mozilla/5.0%20(compatible;%20bingbot/2.0;%20+http://www.bing.com/bingbot.htm) [31/Dec/2022:15:54:23 +0100] "GET /~b2stts2b/?sort=type HTTP/1.0" 200 1052
185.191.171.21 - Mozilla/5.0%20(compatible;%20SemrushBot/7~bl;%20+http://www.semrush.com/bot.html) [31/Dec/2022:19:06:01 +0100] "GET /~b2stts2b/?sort=modified HTTP/1.0" 200 1049
157.55.39.110 - Mozilla/5.0%20(compatible;%20bingbot/2.0;%20+http://www.bing.com/bingbot.htm) [01/Jan/2023:07:05:47 +0100] "GET /~b2stts2b/AccessLog HTTP/1.0" 200 4896
216.244.66.203 - Mozilla/5.0%20(compatible;%20DotBot/1.2;%20+https://opensiteexplorer.org/dotbot;%20help@moz.com) [01/Jan/2023:18:07:50 +0100] "GET /%7Eb2stts2b/ HTTP/1.0" 200 2989
185.191.171.37 - Mozilla/5.0%20(compatible;%20SemrushBot/7~bl;%20+http://www.semrush.com/bot.html) [05/Jan/2023:05:11:41 +0100] "GET /~b2stts2b/?sort=size HTTP/1.0" 200 1051
185.191.171.2 - Mozilla/5.0%20(compatible;%20SemrushBot/7~bl;%20+http://www.semrush.com/bot.html) [07/Jan/2023:02:14:24 +0100] "GET /~b2stts2b/ HTTP/1.0" 200 1052
199.47.82.17 - Turnitin%20(https://bit.ly/2UvnfoQ) [10/Jan/2023:11:44:11 +0100] "GET /~b2stts2b/?reverse=1&sort=type HTTP/1.0" 200 1043
185.191.171.42 - Mozilla/5.0%20(compatible;%20SemrushBot/7~bl;%20+http://www.semrush.com/bot.html) [11/Jan/2023:23:03:06 +0100] "GET /~b2stts2b/?reverse=1&sort=type HTTP/1.0" 200 1043
185.191.171.26 - Mozilla/5.0%20(compatible;%20SemrushBot/7~bl;%20+http://www.semrush.com/bot.html) [12/Jan/2023:07:30:02 +0100] "GET /~b2stts2b/?sort=size HTTP/1.0" 200 1051
185.191.171.3 - Mozilla/5.0%20(compatible;%20SemrushBot/7~bl;%20+http://www.semrush.com/bot.html) [12/Jan/2023:15:34:14 +0100] "GET /~b2stts2b/?sort=name HTTP/1.0" 200 1051
185.191.171.4 - Mozilla/5.0%20(compatible;%20SemrushBot/7~bl;%20+http://www.semrush.com/bot.html) [15/Jan/2023:01:41:01 +0100] "GET /~b2stts2b/?reverse=1&sort=size HTTP/1.0" 200 1043
