40.77.167.107 - Mozilla/5.0%20AppleWebKit/537.36%20(KHTML,%20like%20Gecko;%20compatible;%20bingbot/2.0;%20+http://www.bing.com/bingbot.htm)%20Chrome/103.0.5060.134%20Safari/537.36 [05/Jul/2023:01:31:45 +0200] "GET /~wnabee/?sort=type&reverse=1 HTTP/1.0" 200 1316
66.249.64.233 - Mozilla/5.0%20(compatible;%20Googlebot/2.1;%20+http://www.google.com/bot.html) [05/Jul/2023:08:09:59 +0200] "GET /~wnabee/liupeekerposter1.pdf HTTP/1.0" 200 6308873
66.249.64.128 - Mozilla/5.0%20(Linux;%20Android%206.0.1;%20Nexus%205X%20Build/MMB29P)%20AppleWebKit/537.36%20(KHTML,%20like%20Gecko)%20Chrome/114.0.5735.179%20Mobile%20Safari/537.36%20(compatible;%20Googlebot/2.1;%20+http://www.google.com/bot.html) [05/Jul/2023:15:06:54 +0200] "GET /~wnabee/liupeekerposter1.pdf HTTP/1.0" 200 6308873
66.249.70.70 - Mozilla/5.0%20(compatible;%20Googlebot/2.1;%20+http://www.google.com/bot.html) [05/Jul/2023:21:17:13 +0200] "GET /~wnabee/liupeekerposter1.pdf HTTP/1.0" 200 6308873
66.249.64.128 - Mozilla/5.0%20(compatible;%20Googlebot/2.1;%20+http://www.google.com/bot.html) [06/Jul/2023:07:24:50 +0200] "GET /~wnabee/liupeekerposter1.pdf HTTP/1.0" 200 6308873
211.249.46.149 - Mozilla/5.0%20(compatible;%20Yeti/1.1;%20+https://naver.me/spd) [06/Jul/2023:08:02:33 +0200] "GET /~wnabee/?sort=size HTTP/1.0" 200 1336
34.78.65.46 - Mozilla/5.0%20(Macintosh;%20Intel%20Mac%20OS%20X%2010.11;%20rv:52.0)%20Gecko/20100101%20Firefox/52.0 [06/Jul/2023:08:18:01 +0200] "GET /~wnabee/ HTTP/1.0" 200 1329
66.249.64.128 - Mozilla/5.0%20(Linux;%20Android%206.0.1;%20Nexus%205X%20Build/MMB29P)%20AppleWebKit/537.36%20(KHTML,%20like%20Gecko)%20Chrome/114.0.5735.179%20Mobile%20Safari/537.36%20(compatible;%20Googlebot/2.1;%20+http://www.google.com/bot.html) [06/Jul/2023:09:54:49 +0200] "GET /~wnabee/liupeekerposter1.pdf HTTP/1.0" 304 219
66.249.64.128 - Mozilla/5.0%20(compatible;%20Googlebot/2.1;%20+http://www.google.com/bot.html) [06/Jul/2023:14:25:09 +0200] "GET /~wnabee/?sort=name&reverse=1 HTTP/1.0" 200 1312
211.249.46.35 - Mozilla/5.0%20(compatible;%20Yeti/1.1;%20+https://naver.me/spd) [06/Jul/2023:14:54:02 +0200] "GET /~wnabee/liupeekerposter4.svg HTTP/1.0" 200 71886
211.249.46.125 - Mozilla/5.0%20(compatible;%20Yeti/1.1;%20+https://naver.me/spd) [06/Jul/2023:19:25:12 +0200] "GET /~wnabee/liupeekerposter2.svg HTTP/1.0" 200 16216314
66.249.64.129 - Mozilla/5.0%20(compatible;%20Googlebot/2.1;%20+http://www.google.com/bot.html) [06/Jul/2023:20:34:37 +0200] "GET /~wnabee/liupeekerposter1.pdf HTTP/1.0" 200 6308873
66.249.64.130 - Mozilla/5.0%20(Linux;%20Android%206.0.1;%20Nexus%205X%20Build/MMB29P)%20AppleWebKit/537.36%20(KHTML,%20like%20Gecko)%20Chrome/114.0.5735.179%20Mobile%20Safari/537.36%20(compatible;%20Googlebot/2.1;%20+http://www.google.com/bot.html) [06/Jul/2023:23:00:54 +0200] "GET /~wnabee/liupeekerposter1.pdf HTTP/1.0" 304 219
216.244.66.228 - Mozilla/5.0%20(compatible;%20DotBot/1.2;%20+https://opensiteexplorer.org/dotbot;%20help@moz.com) [07/Jul/2023:01:04:45 +0200] "GET /%7Ewnabee/?sort=name HTTP/1.0" 200 6296
216.244.66.228 - Mozilla/5.0%20(compatible;%20DotBot/1.2;%20+https://opensiteexplorer.org/dotbot;%20help@moz.com) [07/Jul/2023:01:19:51 +0200] "GET /%7Ewnabee/?sort=name&reverse=1 HTTP/1.0" 200 6364
185.191.171.9 - Mozilla/5.0%20(compatible;%20SemrushBot/7~bl;%20+http://www.semrush.com/bot.html) [07/Jul/2023:09:05:49 +0200] "GET /~wnabee/?reverse=1&sort=type HTTP/1.0" 200 1315
85.208.96.197 - Mozilla/5.0%20(compatible;%20SemrushBot/7~bl;%20+http://www.semrush.com/bot.html) [07/Jul/2023:10:28:17 +0200] "GET /~wnabee/?reverse=1&sort=type HTTP/1.0" 200 1316
114.119.141.203 http://2012.nuccc.org/~wnabee Mozilla/5.0%20(Linux;%20Android%207.0;)%20AppleWebKit/537.36%20(KHTML,%20like%20Gecko)%20Mobile%20Safari/537.36%20(compatible;%20PetalBot;+https://webmaster.petalsearch.com/site/petalbot) [07/Jul/2023:12:09:16 +0200] "GET /~wnabee/liupeekerposter2.svg HTTP/1.0" 200 16216314
185.191.171.33 - Mozilla/5.0%20(compatible;%20SemrushBot/7~bl;%20+http://www.semrush.com/bot.html) [07/Jul/2023:14:22:31 +0200] "GET /~wnabee/?reverse=1&sort=size HTTP/1.0" 200 1324
66.249.64.130 - Mozilla/5.0%20(compatible;%20Googlebot/2.1;%20+http://www.google.com/bot.html) [07/Jul/2023:14:30:57 +0200] "GET /~wnabee/ HTTP/1.0" 200 1328
157.90.182.30 - Mozilla/5.0%20(compatible;%20BLEXBot/1.0;%20+http://webmeup-crawler.com/) [07/Jul/2023:19:00:28 +0200] "GET /~wnabee/ HTTP/1.0" 200 1328
34.67.27.253 http://www.lysator.liu.se/~wnabee PhxBot/0.1%20(phxbot@protonmail.com) [07/Jul/2023:21:59:58 +0200] "GET /~wnabee/ HTTP/1.0" 200 1330
34.67.27.253 - PhxBot/0.1%20(phxbot@protonmail.com) [07/Jul/2023:22:00:15 +0200] "GET /~wnabee/?sort=type HTTP/1.0" 200 1332
34.67.27.253 - PhxBot/0.1%20(phxbot@protonmail.com) [07/Jul/2023:22:00:25 +0200] "GET /~wnabee/liupeekerposter4.svg HTTP/1.0" 200 71886
34.67.27.253 - PhxBot/0.1%20(phxbot@protonmail.com) [07/Jul/2023:22:00:34 +0200] "GET /~wnabee/Lukashenkonoimage.png HTTP/1.0" 200 341329
34.67.27.253 - PhxBot/0.1%20(phxbot@protonmail.com) [07/Jul/2023:22:00:43 +0200] "GET /~wnabee/lukashenkopointing.png HTTP/1.0" 200 106254
34.67.27.253 - PhxBot/0.1%20(phxbot@protonmail.com) [07/Jul/2023:22:00:52 +0200] "GET /~wnabee/liupeekerposter2.svg HTTP/1.0" 200 16216314
34.67.27.253 - PhxBot/0.1%20(phxbot@protonmail.com) [07/Jul/2023:22:01:01 +0200] "GET /~wnabee/you%27reawizardlukashenko.png HTTP/1.0" 200 198348
34.67.27.253 - PhxBot/0.1%20(phxbot@protonmail.com) [07/Jul/2023:22:01:10 +0200] "GET /~wnabee/Liupeekerlogo1.png HTTP/1.0" 200 79366
34.67.27.253 - PhxBot/0.1%20(phxbot@protonmail.com) [07/Jul/2023:22:01:19 +0200] "GET /~wnabee/AccessLog HTTP/1.0" 200 652479
34.67.27.253 - PhxBot/0.1%20(phxbot@protonmail.com) [07/Jul/2023:22:01:28 +0200] "GET /~wnabee/?sort=size HTTP/1.0" 200 1333
34.67.27.253 - PhxBot/0.1%20(phxbot@protonmail.com) [07/Jul/2023:22:01:37 +0200] "GET /~wnabee/aretrapsgay.png HTTP/1.0" 200 841807
34.67.27.253 - PhxBot/0.1%20(phxbot@protonmail.com) [07/Jul/2023:22:01:46 +0200] "GET /~wnabee/?sort=modified HTTP/1.0" 200 1323
34.67.27.253 - PhxBot/0.1%20(phxbot@protonmail.com) [07/Jul/2023:22:01:55 +0200] "GET /~wnabee/liupeekerposter1.pdf HTTP/1.0" 200 6308873
34.67.27.253 - PhxBot/0.1%20(phxbot@protonmail.com) [07/Jul/2023:22:02:04 +0200] "GET /~wnabee/?sort=modified&reverse=1 HTTP/1.0" 200 1320
34.67.27.253 - PhxBot/0.1%20(phxbot@protonmail.com) [07/Jul/2023:22:02:12 +0200] "GET /~wnabee/?sort=name&reverse=1 HTTP/1.0" 200 1312
66.249.64.128 - Mozilla/5.0%20(compatible;%20Googlebot/2.1;%20+http://www.google.com/bot.html) [08/Jul/2023:01:35:26 +0200] "GET /~wnabee/liupeekerposter1.pdf HTTP/1.0" 200 6308873
194.187.169.43 - Mozilla/5.0%20(compatible;%20Qwantify-dev8875/1.0;%20+https://help.qwant.com/bot/) [08/Jul/2023:02:39:58 +0200] "GET /~wnabee/ HTTP/1.0" 200 1332
85.208.96.199 - Mozilla/5.0%20(compatible;%20SemrushBot/7~bl;%20+http://www.semrush.com/bot.html) [08/Jul/2023:11:14:51 +0200] "GET /~wnabee/?sort=size HTTP/1.0" 200 1335
54.36.149.97 - Mozilla/5.0%20(compatible;%20AhrefsBot/7.0;%20+http://ahrefs.com/robot/) [08/Jul/2023:14:43:36 +0200] "GET /~wnabee/ HTTP/1.0" 200 1332
54.36.148.179 - Mozilla/5.0%20(compatible;%20AhrefsBot/7.0;%20+http://ahrefs.com/robot/) [08/Jul/2023:14:43:37 +0200] "GET /~wnabee/internal-gopher-image HTTP/1.0" 200 496
54.36.148.79 - Mozilla/5.0%20(compatible;%20AhrefsBot/7.0;%20+http://ahrefs.com/robot/) [08/Jul/2023:14:43:37 +0200] "GET /~wnabee/internal-gopher-text HTTP/1.0" 200 488
194.187.169.43 - Mozilla/5.0%20(compatible;%20Qwantify-dev8875/1.0;%20+https://help.qwant.com/bot/) [08/Jul/2023:15:37:50 +0200] "GET /~wnabee/ HTTP/1.0" 200 1333
194.187.169.43 - Mozilla/5.0%20(compatible;%20Qwantify-dev8875/1.0;%20+https://help.qwant.com/bot/) [08/Jul/2023:17:18:25 +0200] "GET /~wnabee/ HTTP/1.0" 200 1332
54.36.148.231 - Mozilla/5.0%20(compatible;%20AhrefsBot/7.0;%20+http://ahrefs.com/robot/) [08/Jul/2023:20:34:08 +0200] "GET /~wnabee/?sort=type HTTP/1.0" 200 1332
185.191.171.15 - Mozilla/5.0%20(compatible;%20SemrushBot/7~bl;%20+http://www.semrush.com/bot.html) [09/Jul/2023:03:21:26 +0200] "GET /~wnabee/?sort=name HTTP/1.0" 200 1330
66.249.64.129 - Mozilla/5.0%20(compatible;%20Googlebot/2.1;%20+http://www.google.com/bot.html) [09/Jul/2023:04:34:06 +0200] "GET /~wnabee/liupeekerposter1.pdf HTTP/1.0" 200 6308873
66.249.64.129 - Mozilla/5.0%20(Linux;%20Android%206.0.1;%20Nexus%205X%20Build/MMB29P)%20AppleWebKit/537.36%20(KHTML,%20like%20Gecko)%20Chrome/114.0.5735.179%20Mobile%20Safari/537.36%20(compatible;%20Googlebot/2.1;%20+http://www.google.com/bot.html) [09/Jul/2023:06:19:06 +0200] "GET /~wnabee/liupeekerposter1.pdf HTTP/1.0" 304 219
54.36.149.87 - Mozilla/5.0%20(compatible;%20AhrefsBot/7.0;%20+http://ahrefs.com/robot/) [09/Jul/2023:06:54:11 +0200] "GET /~wnabee/?sort=size HTTP/1.0" 200 1335
54.36.148.156 - Mozilla/5.0%20(compatible;%20AhrefsBot/7.0;%20+http://ahrefs.com/robot/) [09/Jul/2023:06:58:01 +0200] "GET /~wnabee/?sort=modified HTTP/1.0" 200 1325
216.244.66.228 - Mozilla/5.0%20(compatible;%20DotBot/1.2;%20+https://opensiteexplorer.org/dotbot;%20help@moz.com) [09/Jul/2023:08:11:42 +0200] "GET /%7Ewnabee/?sort=size&reverse=1 HTTP/1.0" 200 6364
85.208.96.199 - Mozilla/5.0%20(compatible;%20SemrushBot/7~bl;%20+http://www.semrush.com/bot.html) [09/Jul/2023:08:52:56 +0200] "GET /~wnabee/?reverse=1&sort=type HTTP/1.0" 200 1317
185.191.171.13 - Mozilla/5.0%20(compatible;%20SemrushBot/7~bl;%20+http://www.semrush.com/bot.html) [09/Jul/2023:11:26:24 +0200] "GET /~wnabee/?reverse=1&sort=size HTTP/1.0" 200 1326
185.191.171.18 - Mozilla/5.0%20(compatible;%20SemrushBot/7~bl;%20+http://www.semrush.com/bot.html) [09/Jul/2023:11:32:58 +0200] "GET /~wnabee/?sort=modified HTTP/1.0" 200 1325
54.36.149.103 - Mozilla/5.0%20(compatible;%20AhrefsBot/7.0;%20+http://ahrefs.com/robot/) [09/Jul/2023:15:43:22 +0200] "GET /~wnabee/?sort=name HTTP/1.0" 200 1326
54.36.149.89 - Mozilla/5.0%20(compatible;%20AhrefsBot/7.0;%20+http://ahrefs.com/robot/) [09/Jul/2023:15:43:23 +0200] "GET /~wnabee/internal-gopher-image HTTP/1.0" 200 496
54.36.148.21 - Mozilla/5.0%20(compatible;%20AhrefsBot/7.0;%20+http://ahrefs.com/robot/) [09/Jul/2023:15:43:23 +0200] "GET /~wnabee/internal-gopher-text HTTP/1.0" 200 488
194.187.169.43 - Mozilla/5.0%20(compatible;%20Qwantify-dev8875/1.0;%20+https://help.qwant.com/bot/) [09/Jul/2023:20:36:48 +0200] "GET /~wnabee/ HTTP/1.0" 200 1332
185.191.171.20 - Mozilla/5.0%20(compatible;%20SemrushBot/7~bl;%20+http://www.semrush.com/bot.html) [09/Jul/2023:21:24:14 +0200] "GET /~wnabee/?reverse=1&sort=modified HTTP/1.0" 200 1322
194.187.169.43 - Mozilla/5.0%20(compatible;%20Qwantify-dev8875/1.0;%20+https://help.qwant.com/bot/) [09/Jul/2023:22:53:20 +0200] "GET /~wnabee/ HTTP/1.0" 200 1331
66.249.64.128 - Mozilla/5.0%20(Linux;%20Android%206.0.1;%20Nexus%205X%20Build/MMB29P)%20AppleWebKit/537.36%20(KHTML,%20like%20Gecko)%20Chrome/114.0.5735.179%20Mobile%20Safari/537.36%20(compatible;%20Googlebot/2.1;%20+http://www.google.com/bot.html) [10/Jul/2023:00:40:36 +0200] "GET /~wnabee/liupeekerposter1.pdf HTTP/1.0" 304 219
194.187.169.43 - Mozilla/5.0%20(compatible;%20Qwantify-dev8875/1.0;%20+https://help.qwant.com/bot/) [10/Jul/2023:01:07:54 +0200] "GET /~wnabee/ HTTP/1.0" 200 1329
194.187.169.43 - Mozilla/5.0%20(compatible;%20Qwantify-dev8875/1.0;%20+https://help.qwant.com/bot/) [10/Jul/2023:01:44:21 +0200] "GET /~wnabee/ HTTP/1.0" 200 1332
194.187.169.43 - Mozilla/5.0%20(compatible;%20Qwantify-dev8875/1.0;%20+https://help.qwant.com/bot/) [10/Jul/2023:02:26:23 +0200] "GET /~wnabee/ HTTP/1.0" 200 1331
66.249.64.129 - Mozilla/5.0%20(compatible;%20Googlebot/2.1;%20+http://www.google.com/bot.html) [10/Jul/2023:02:37:36 +0200] "GET /~wnabee/liupeekerposter1.pdf HTTP/1.0" 200 6308873
194.187.169.43 - Mozilla/5.0%20(compatible;%20Qwantify-dev8875/1.0;%20+https://help.qwant.com/bot/) [10/Jul/2023:03:31:43 +0200] "GET /~wnabee/ HTTP/1.0" 200 1329
194.187.169.43 - Mozilla/5.0%20(compatible;%20Qwantify-dev8875/1.0;%20+https://help.qwant.com/bot/) [10/Jul/2023:04:43:34 +0200] "GET /~wnabee/ HTTP/1.0" 200 1332
194.187.169.43 - Mozilla/5.0%20(compatible;%20Qwantify-dev8875/1.0;%20+https://help.qwant.com/bot/) [10/Jul/2023:04:46:29 +0200] "GET /~wnabee/ HTTP/1.0" 200 1329
194.187.169.43 - Mozilla/5.0%20(compatible;%20Qwantify-dev8875/1.0;%20+https://help.qwant.com/bot/) [10/Jul/2023:04:49:22 +0200] "GET /~wnabee/ HTTP/1.0" 200 1331
194.187.169.43 - Mozilla/5.0%20(compatible;%20Qwantify-dev8875/1.0;%20+https://help.qwant.com/bot/) [10/Jul/2023:04:52:01 +0200] "GET /~wnabee/ HTTP/1.0" 200 1331
194.187.169.43 - Mozilla/5.0%20(compatible;%20Qwantify-dev8875/1.0;%20+https://help.qwant.com/bot/) [10/Jul/2023:04:54:13 +0200] "GET /~wnabee/ HTTP/1.0" 200 1331
185.191.171.10 - Mozilla/5.0%20(compatible;%20SemrushBot/7~bl;%20+http://www.semrush.com/bot.html) [10/Jul/2023:05:22:50 +0200] "GET /~wnabee/?reverse=1&sort=modified HTTP/1.0" 200 1320
194.187.169.43 - Mozilla/5.0%20(compatible;%20Qwantify-dev8875/1.0;%20+https://help.qwant.com/bot/) [10/Jul/2023:06:01:58 +0200] "GET /~wnabee/ HTTP/1.0" 200 1332
194.187.169.43 - Mozilla/5.0%20(compatible;%20Qwantify-dev8875/1.0;%20+https://help.qwant.com/bot/) [10/Jul/2023:06:04:35 +0200] "GET /~wnabee/ HTTP/1.0" 200 1330
194.187.169.43 - Mozilla/5.0%20(compatible;%20Qwantify-dev8875/1.0;%20+https://help.qwant.com/bot/) [10/Jul/2023:06:07:05 +0200] "GET /~wnabee/ HTTP/1.0" 200 1329
194.187.169.43 - Mozilla/5.0%20(compatible;%20Qwantify-dev8875/1.0;%20+https://help.qwant.com/bot/) [10/Jul/2023:06:09:40 +0200] "GET /~wnabee/ HTTP/1.0" 200 1331
194.187.169.43 - Mozilla/5.0%20(compatible;%20Qwantify-dev8875/1.0;%20+https://help.qwant.com/bot/) [10/Jul/2023:06:12:53 +0200] "GET /~wnabee/ HTTP/1.0" 200 1331
194.187.169.43 - Mozilla/5.0%20(compatible;%20Qwantify-dev8875/1.0;%20+https://help.qwant.com/bot/) [10/Jul/2023:06:14:43 +0200] "GET /~wnabee/ HTTP/1.0" 200 1332
194.187.169.43 - Mozilla/5.0%20(compatible;%20Qwantify-dev8875/1.0;%20+https://help.qwant.com/bot/) [10/Jul/2023:07:25:18 +0200] "GET /~wnabee/ HTTP/1.0" 200 1329
194.187.169.43 - Mozilla/5.0%20(compatible;%20Qwantify-dev8875/1.0;%20+https://help.qwant.com/bot/) [10/Jul/2023:07:28:32 +0200] "GET /~wnabee/ HTTP/1.0" 200 1331
194.187.169.43 - Mozilla/5.0%20(compatible;%20Qwantify-dev8875/1.0;%20+https://help.qwant.com/bot/) [10/Jul/2023:07:30:43 +0200] "GET /~wnabee/ HTTP/1.0" 200 1332
194.187.169.43 - Mozilla/5.0%20(compatible;%20Qwantify-dev8875/1.0;%20+https://help.qwant.com/bot/) [10/Jul/2023:07:33:06 +0200] "GET /~wnabee/ HTTP/1.0" 200 1331
194.187.169.43 - Mozilla/5.0%20(compatible;%20Qwantify-dev8875/1.0;%20+https://help.qwant.com/bot/) [10/Jul/2023:07:35:02 +0200] "GET /~wnabee/ HTTP/1.0" 200 1331
194.187.169.43 - Mozilla/5.0%20(compatible;%20Qwantify-dev8875/1.0;%20+https://help.qwant.com/bot/) [10/Jul/2023:08:46:10 +0200] "GET /~wnabee/ HTTP/1.0" 200 1331
194.187.169.43 - Mozilla/5.0%20(compatible;%20Qwantify-dev8875/1.0;%20+https://help.qwant.com/bot/) [10/Jul/2023:08:48:22 +0200] "GET /~wnabee/ HTTP/1.0" 200 1330
194.187.169.43 - Mozilla/5.0%20(compatible;%20Qwantify-dev8875/1.0;%20+https://help.qwant.com/bot/) [10/Jul/2023:08:50:55 +0200] "GET /~wnabee/ HTTP/1.0" 200 1331
194.187.169.43 - Mozilla/5.0%20(compatible;%20Qwantify-dev8875/1.0;%20+https://help.qwant.com/bot/) [10/Jul/2023:08:53:27 +0200] "GET /~wnabee/ HTTP/1.0" 200 1329
194.187.169.43 - Mozilla/5.0%20(compatible;%20Qwantify-dev8875/1.0;%20+https://help.qwant.com/bot/) [10/Jul/2023:08:56:05 +0200] "GET /~wnabee/ HTTP/1.0" 200 1332
194.187.169.43 - Mozilla/5.0%20(compatible;%20Qwantify-dev8875/1.0;%20+https://help.qwant.com/bot/) [10/Jul/2023:08:58:23 +0200] "GET /~wnabee/ HTTP/1.0" 200 1331
194.187.169.43 - Mozilla/5.0%20(compatible;%20Qwantify-dev8875/1.0;%20+https://help.qwant.com/bot/) [10/Jul/2023:10:07:47 +0200] "GET /~wnabee/ HTTP/1.0" 200 1331
194.187.169.43 - Mozilla/5.0%20(compatible;%20Qwantify-dev8875/1.0;%20+https://help.qwant.com/bot/) [10/Jul/2023:10:09:14 +0200] "GET /~wnabee/ HTTP/1.0" 200 1329
194.187.169.43 - Mozilla/5.0%20(compatible;%20Qwantify-dev8875/1.0;%20+https://help.qwant.com/bot/) [10/Jul/2023:10:10:49 +0200] "GET /~wnabee/ HTTP/1.0" 200 1332
194.187.169.43 - Mozilla/5.0%20(compatible;%20Qwantify-dev8875/1.0;%20+https://help.qwant.com/bot/) [10/Jul/2023:10:12:03 +0200] "GET /~wnabee/ HTTP/1.0" 200 1328
194.187.169.43 - Mozilla/5.0%20(compatible;%20Qwantify-dev8875/1.0;%20+https://help.qwant.com/bot/) [10/Jul/2023:10:13:29 +0200] "GET /~wnabee/ HTTP/1.0" 200 1332
194.187.169.43 - Mozilla/5.0%20(compatible;%20Qwantify-dev8875/1.0;%20+https://help.qwant.com/bot/) [10/Jul/2023:10:15:14 +0200] "GET /~wnabee/ HTTP/1.0" 200 1331
194.187.169.43 - Mozilla/5.0%20(compatible;%20Qwantify-dev8875/1.0;%20+https://help.qwant.com/bot/) [10/Jul/2023:10:16:33 +0200] "GET /~wnabee/ HTTP/1.0" 200 1331
194.187.169.43 - Mozilla/5.0%20(compatible;%20Qwantify-dev8875/1.0;%20+https://help.qwant.com/bot/) [10/Jul/2023:12:43:51 +0200] "GET /~wnabee/ HTTP/1.0" 200 1332
114.111.32.194 - Mozilla/5.0%20(compatible;%20Yeti/1.1;%20+https://naver.me/spd) [10/Jul/2023:12:45:26 +0200] "GET /~wnabee/liupeekerposter1.pdf HTTP/1.0" 200 6308873
66.249.64.128 - Mozilla/5.0%20(Linux;%20Android%206.0.1;%20Nexus%205X%20Build/MMB29P)%20AppleWebKit/537.36%20(KHTML,%20like%20Gecko)%20Chrome/114.0.5735.179%20Mobile%20Safari/537.36%20(compatible;%20Googlebot/2.1;%20+http://www.google.com/bot.html) [10/Jul/2023:15:16:25 +0200] "GET /~wnabee/liupeekerposter1.pdf HTTP/1.0" 304 219
185.191.171.11 - Mozilla/5.0%20(compatible;%20SemrushBot/7~bl;%20+http://www.semrush.com/bot.html) [10/Jul/2023:15:33:29 +0200] "GET /~wnabee/?reverse=1&sort=size HTTP/1.0" 200 1328
216.244.66.203 - Mozilla/5.0%20(compatible;%20DotBot/1.2;%20+https://opensiteexplorer.org/dotbot;%20help@moz.com) [10/Jul/2023:15:46:11 +0200] "GET /%7Ewnabee/ HTTP/1.0" 200 6300
66.249.64.129 - Mozilla/5.0%20(compatible;%20Googlebot/2.1;%20+http://www.google.com/bot.html) [10/Jul/2023:16:02:07 +0200] "GET /~wnabee/liupeekerposter1.pdf HTTP/1.0" 200 6308873
185.191.171.34 - Mozilla/5.0%20(compatible;%20SemrushBot/7~bl;%20+http://www.semrush.com/bot.html) [10/Jul/2023:17:27:57 +0200] "GET /~wnabee/?sort=modified HTTP/1.0" 200 1325
114.111.32.117 - Mozilla/5.0%20(compatible;%20Yeti/1.1;%20+https://naver.me/spd) [10/Jul/2023:19:18:14 +0200] "GET /~wnabee/Lukashenkonoimage.png HTTP/1.0" 200 341329
185.191.171.22 - Mozilla/5.0%20(compatible;%20SemrushBot/7~bl;%20+http://www.semrush.com/bot.html) [10/Jul/2023:19:54:38 +0200] "GET /~wnabee/?reverse=1&sort=type HTTP/1.0" 200 1316
194.187.169.42 - Mozilla/5.0%20(compatible;%20Qwantify-dev1775/1.0;%20+https://help.qwant.com/bot/) [10/Jul/2023:21:15:28 +0200] "GET /~wnabee/ HTTP/1.0" 200 1331
194.187.169.42 - Mozilla/5.0%20(compatible;%20Qwantify-dev1775/1.0;%20+https://help.qwant.com/bot/) [10/Jul/2023:22:28:24 +0200] "GET /~wnabee/ HTTP/1.0" 200 1331
185.191.171.5 - Mozilla/5.0%20(compatible;%20SemrushBot/7~bl;%20+http://www.semrush.com/bot.html) [10/Jul/2023:22:51:49 +0200] "GET /~wnabee/?sort=name HTTP/1.0" 200 1331
185.191.171.18 - Mozilla/5.0%20(compatible;%20SemrushBot/7~bl;%20+http://www.semrush.com/bot.html) [10/Jul/2023:23:51:27 +0200] "GET /~wnabee/?reverse=1&sort=modified HTTP/1.0" 200 1322
211.249.46.168 - Mozilla/5.0%20(compatible;%20Yeti/1.1;%20+https://naver.me/spd) [11/Jul/2023:01:32:17 +0200] "GET /~wnabee/?sort=name&reverse=1 HTTP/1.0" 200 1311
114.111.32.114 - Mozilla/5.0%20(compatible;%20Yeti/1.1;%20+https://naver.me/spd) [11/Jul/2023:01:50:57 +0200] "GET /~wnabee/AccessLog HTTP/1.0" 200 666315
114.111.32.93 - Mozilla/5.0%20(compatible;%20Yeti/1.1;%20+https://naver.me/spd) [11/Jul/2023:02:09:39 +0200] "GET /~wnabee/?sort=name HTTP/1.0" 200 1330
211.249.46.164 - Mozilla/5.0%20(compatible;%20Yeti/1.1;%20+https://naver.me/spd) [11/Jul/2023:02:28:21 +0200] "GET /~wnabee/?sort=type HTTP/1.0" 200 1333
211.249.46.82 - Mozilla/5.0%20(compatible;%20Yeti/1.1;%20+https://naver.me/spd) [11/Jul/2023:02:37:43 +0200] "GET /~wnabee/aretrapsgay.png HTTP/1.0" 200 841807
110.93.150.144 - Mozilla/5.0%20(compatible;%20Yeti/1.1;%20+https://naver.me/spd) [11/Jul/2023:02:56:25 +0200] "GET /~wnabee/Liupeekerlogo1.png HTTP/1.0" 200 79366
211.249.46.134 - Mozilla/5.0%20(compatible;%20Yeti/1.1;%20+https://naver.me/spd) [11/Jul/2023:03:15:07 +0200] "GET /~wnabee/lukashenkopointing.png HTTP/1.0" 200 106254
185.191.171.35 - Mozilla/5.0%20(compatible;%20SemrushBot/7~bl;%20+http://www.semrush.com/bot.html) [11/Jul/2023:03:29:10 +0200] "GET /~wnabee/?reverse=1&sort=name HTTP/1.0" 200 1312
135.181.4.69 http://www.lysator.liu.se/~wnabee Mozilla/5.0%20(compatible;%20SeekportBot;%20+https://bot.seekport.com) [11/Jul/2023:03:32:40 +0200] "GET /~wnabee/ HTTP/1.0" 200 6300
211.249.46.69 - Mozilla/5.0%20(compatible;%20Yeti/1.1;%20+https://naver.me/spd) [11/Jul/2023:03:33:49 +0200] "GET /~wnabee/?sort=modified HTTP/1.0" 200 1325
211.249.46.147 - Mozilla/5.0%20(compatible;%20Yeti/1.1;%20+https://naver.me/spd) [11/Jul/2023:03:43:10 +0200] "GET /~wnabee/you%27reawizardlukashenko.png HTTP/1.0" 200 198348
135.181.4.69 http://www.lysator.liu.se/~wnabee/ Mozilla/5.0%20(compatible;%20SeekportBot;%20+https://bot.seekport.com) [11/Jul/2023:04:26:02 +0200] "GET /~wnabee/?sort=name&reverse=1 HTTP/1.0" 200 6364
135.181.4.69 http://www.lysator.liu.se/~wnabee/ Mozilla/5.0%20(compatible;%20SeekportBot;%20+https://bot.seekport.com) [11/Jul/2023:04:26:07 +0200] "GET /~wnabee/?sort=size HTTP/1.0" 200 6296
135.181.4.69 http://www.lysator.liu.se/~wnabee/ Mozilla/5.0%20(compatible;%20SeekportBot;%20+https://bot.seekport.com) [11/Jul/2023:04:26:13 +0200] "GET /~wnabee/?sort=type HTTP/1.0" 200 6296
135.181.4.69 http://www.lysator.liu.se/~wnabee/ Mozilla/5.0%20(compatible;%20SeekportBot;%20+https://bot.seekport.com) [11/Jul/2023:04:26:19 +0200] "GET /~wnabee/?sort=modified HTTP/1.0" 200 6296
135.181.4.69 http://www.lysator.liu.se/~wnabee/ Mozilla/5.0%20(compatible;%20SeekportBot;%20+https://bot.seekport.com) [11/Jul/2023:04:26:21 +0200] "GET /~wnabee/AccessLog HTTP/1.0" 200 668745
66.249.64.130 - Mozilla/5.0%20(Linux;%20Android%206.0.1;%20Nexus%205X%20Build/MMB29P)%20AppleWebKit/537.36%20(KHTML,%20like%20Gecko)%20Chrome/114.0.5735.179%20Mobile%20Safari/537.36%20(compatible;%20Googlebot/2.1;%20+http://www.google.com/bot.html) [11/Jul/2023:04:28:21 +0200] "GET /~wnabee/liupeekerposter1.pdf HTTP/1.0" 304 219
185.191.171.12 - Mozilla/5.0%20(compatible;%20SemrushBot/7~bl;%20+http://www.semrush.com/bot.html) [11/Jul/2023:04:54:46 +0200] "GET /~wnabee/ HTTP/1.0" 200 1327
185.191.171.10 - Mozilla/5.0%20(compatible;%20SemrushBot/7~bl;%20+http://www.semrush.com/bot.html) [11/Jul/2023:05:40:50 +0200] "GET /~wnabee/?reverse=1&sort=size HTTP/1.0" 200 1325
135.181.4.69 http://www.lysator.liu.se/~wnabee/?sort=name&reverse=1 Mozilla/5.0%20(compatible;%20SeekportBot;%20+https://bot.seekport.com) [11/Jul/2023:07:06:32 +0200] "GET /~wnabee/?sort=name HTTP/1.0" 200 6296
135.181.4.69 http://www.lysator.liu.se/~wnabee/?sort=size Mozilla/5.0%20(compatible;%20SeekportBot;%20+https://bot.seekport.com) [11/Jul/2023:07:06:34 +0200] "GET /~wnabee/?sort=size&reverse=1 HTTP/1.0" 200 6364
135.181.4.69 http://www.lysator.liu.se/~wnabee/?sort=type Mozilla/5.0%20(compatible;%20SeekportBot;%20+https://bot.seekport.com) [11/Jul/2023:07:06:39 +0200] "GET /~wnabee/?sort=type&reverse=1 HTTP/1.0" 200 6364
135.181.4.69 http://www.lysator.liu.se/~wnabee/?sort=modified Mozilla/5.0%20(compatible;%20SeekportBot;%20+https://bot.seekport.com) [11/Jul/2023:07:06:44 +0200] "GET /~wnabee/?sort=modified&reverse=1 HTTP/1.0" 200 6364
185.191.171.22 - Mozilla/5.0%20(compatible;%20SemrushBot/7~bl;%20+http://www.semrush.com/bot.html) [11/Jul/2023:08:41:16 +0200] "GET /~wnabee/?reverse=1&sort=size HTTP/1.0" 200 1326
65.108.79.209 http://2012.nuccc.org/~wnabee Mozilla/5.0%20(compatible;%20SEOkicks;%20+https://www.seokicks.de/robot.html) [11/Jul/2023:10:41:19 +0200] "GET /~wnabee/ HTTP/1.0" 200 1329
66.249.64.130 - Mozilla/5.0%20(compatible;%20Googlebot/2.1;%20+http://www.google.com/bot.html) [11/Jul/2023:11:42:45 +0200] "GET /~wnabee/liupeekerposter1.pdf HTTP/1.0" 200 6308873
66.249.64.128 - Mozilla/5.0%20(Linux;%20Android%206.0.1;%20Nexus%205X%20Build/MMB29P)%20AppleWebKit/537.36%20(KHTML,%20like%20Gecko)%20Chrome/114.0.5735.179%20Mobile%20Safari/537.36%20(compatible;%20Googlebot/2.1;%20+http://www.google.com/bot.html) [11/Jul/2023:13:31:29 +0200] "GET /~wnabee/liupeekerposter1.pdf HTTP/1.0" 304 219
194.187.169.42 - Mozilla/5.0%20(compatible;%20Qwantify-dev1775/1.0;%20+https://help.qwant.com/bot/) [11/Jul/2023:13:56:32 +0200] "GET /~wnabee/ HTTP/1.0" 200 1327
197.237.78.192 http://www.lysator.liu.se/~wnabee Mozilla/4.0%20(compatible;%20MSIE%206.0;%20Windows%20NT%205.1;%20SV1;%20.NET%20CLR%202.0.50727;%20.NET%20CLR%201.1.4322) [11/Jul/2023:15:03:34 +0200] "GET /~wnabee/ HTTP/1.0" 200 6300
197.237.78.192 http://www.lysator.liu.se/~wnabee Mozilla/4.0%20(compatible;%20MSIE%206.0;%20Windows%20NT%205.1;%20SV1;%20.NET%20CLR%202.0.50727;%20.NET%20CLR%201.1.4322) [11/Jul/2023:15:03:36 +0200] "GET /~wnabee/ HTTP/1.0" 200 6300
194.187.169.42 - Mozilla/5.0%20(compatible;%20Qwantify-dev1775/1.0;%20+https://help.qwant.com/bot/) [11/Jul/2023:19:50:27 +0200] "GET /~wnabee/ HTTP/1.0" 200 1328
85.208.96.199 - Mozilla/5.0%20(compatible;%20SemrushBot/7~bl;%20+http://www.semrush.com/bot.html) [11/Jul/2023:20:23:45 +0200] "GET /~wnabee/?reverse=1&sort=size HTTP/1.0" 200 1326
194.187.169.42 - Mozilla/5.0%20(compatible;%20Qwantify-dev1775/1.0;%20+https://help.qwant.com/bot/) [11/Jul/2023:21:09:24 +0200] "GET /~wnabee/ HTTP/1.0" 200 1328
194.187.169.42 - Mozilla/5.0%20(compatible;%20Qwantify-dev1775/1.0;%20+https://help.qwant.com/bot/) [11/Jul/2023:21:13:38 +0200] "GET /~wnabee/ HTTP/1.0" 200 1333
194.187.169.42 - Mozilla/5.0%20(compatible;%20Qwantify-dev1775/1.0;%20+https://help.qwant.com/bot/) [11/Jul/2023:21:21:42 +0200] "GET /~wnabee/ HTTP/1.0" 200 1329
194.187.169.42 - Mozilla/5.0%20(compatible;%20Qwantify-dev1775/1.0;%20+https://help.qwant.com/bot/) [11/Jul/2023:22:40:04 +0200] "GET /~wnabee/ HTTP/1.0" 200 1331
194.187.169.42 - Mozilla/5.0%20(compatible;%20Qwantify-dev1775/1.0;%20+https://help.qwant.com/bot/) [11/Jul/2023:22:42:15 +0200] "GET /~wnabee/ HTTP/1.0" 200 1330
194.187.169.42 - Mozilla/5.0%20(compatible;%20Qwantify-dev1775/1.0;%20+https://help.qwant.com/bot/) [11/Jul/2023:22:44:51 +0200] "GET /~wnabee/ HTTP/1.0" 200 1331
194.187.169.42 - Mozilla/5.0%20(compatible;%20Qwantify-dev1775/1.0;%20+https://help.qwant.com/bot/) [11/Jul/2023:22:48:11 +0200] "GET /~wnabee/ HTTP/1.0" 200 1329
194.187.169.42 - Mozilla/5.0%20(compatible;%20Qwantify-dev1775/1.0;%20+https://help.qwant.com/bot/) [11/Jul/2023:22:51:14 +0200] "GET /~wnabee/ HTTP/1.0" 200 1332
194.187.169.42 - Mozilla/5.0%20(compatible;%20Qwantify-dev1775/1.0;%20+https://help.qwant.com/bot/) [11/Jul/2023:22:53:45 +0200] "GET /~wnabee/ HTTP/1.0" 200 1329
135.181.4.69 https://www.lysator.liu.se/~wnabee Mozilla/5.0%20(compatible;%20SeekportBot;%20+https://bot.seekport.com) [12/Jul/2023:00:02:31 +0200] "GET /~wnabee/ HTTP/1.0" 200 6300
194.187.169.42 - Mozilla/5.0%20(compatible;%20Qwantify-dev1775/1.0;%20+https://help.qwant.com/bot/) [12/Jul/2023:00:10:48 +0200] "GET /~wnabee/ HTTP/1.0" 200 1330
194.187.169.42 - Mozilla/5.0%20(compatible;%20Qwantify-dev1775/1.0;%20+https://help.qwant.com/bot/) [12/Jul/2023:00:13:09 +0200] "GET /~wnabee/ HTTP/1.0" 200 1332
194.187.169.42 - Mozilla/5.0%20(compatible;%20Qwantify-dev1775/1.0;%20+https://help.qwant.com/bot/) [12/Jul/2023:00:15:56 +0200] "GET /~wnabee/ HTTP/1.0" 200 1331
194.187.169.42 - Mozilla/5.0%20(compatible;%20Qwantify-dev1775/1.0;%20+https://help.qwant.com/bot/) [12/Jul/2023:00:18:59 +0200] "GET /~wnabee/ HTTP/1.0" 200 1332
194.187.169.42 - Mozilla/5.0%20(compatible;%20Qwantify-dev1775/1.0;%20+https://help.qwant.com/bot/) [12/Jul/2023:00:21:54 +0200] "GET /~wnabee/ HTTP/1.0" 200 1332
194.187.169.42 - Mozilla/5.0%20(compatible;%20Qwantify-dev1775/1.0;%20+https://help.qwant.com/bot/) [12/Jul/2023:00:25:30 +0200] "GET /~wnabee/ HTTP/1.0" 200 1331
194.187.169.42 - Mozilla/5.0%20(compatible;%20Qwantify-dev1775/1.0;%20+https://help.qwant.com/bot/) [12/Jul/2023:01:42:24 +0200] "GET /~wnabee/ HTTP/1.0" 200 1332
194.187.169.42 - Mozilla/5.0%20(compatible;%20Qwantify-dev1775/1.0;%20+https://help.qwant.com/bot/) [12/Jul/2023:01:44:56 +0200] "GET /~wnabee/ HTTP/1.0" 200 1327
194.187.169.42 - Mozilla/5.0%20(compatible;%20Qwantify-dev1775/1.0;%20+https://help.qwant.com/bot/) [12/Jul/2023:01:47:13 +0200] "GET /~wnabee/ HTTP/1.0" 200 1329
194.187.169.42 - Mozilla/5.0%20(compatible;%20Qwantify-dev1775/1.0;%20+https://help.qwant.com/bot/) [12/Jul/2023:01:49:56 +0200] "GET /~wnabee/ HTTP/1.0" 200 1327
194.187.169.42 - Mozilla/5.0%20(compatible;%20Qwantify-dev1775/1.0;%20+https://help.qwant.com/bot/) [12/Jul/2023:01:52:41 +0200] "GET /~wnabee/ HTTP/1.0" 200 1330
194.187.169.42 - Mozilla/5.0%20(compatible;%20Qwantify-dev1775/1.0;%20+https://help.qwant.com/bot/) [12/Jul/2023:01:55:31 +0200] "GET /~wnabee/ HTTP/1.0" 200 1329
194.187.169.42 - Mozilla/5.0%20(compatible;%20Qwantify-dev1775/1.0;%20+https://help.qwant.com/bot/) [12/Jul/2023:01:58:40 +0200] "GET /~wnabee/ HTTP/1.0" 200 1331
66.249.64.130 - Mozilla/5.0%20(Linux;%20Android%206.0.1;%20Nexus%205X%20Build/MMB29P)%20AppleWebKit/537.36%20(KHTML,%20like%20Gecko)%20Chrome/114.0.5735.179%20Mobile%20Safari/537.36%20(compatible;%20Googlebot/2.1;%20+http://www.google.com/bot.html) [12/Jul/2023:02:39:26 +0200] "GET /~wnabee/liupeekerposter1.pdf HTTP/1.0" 304 219
194.187.169.42 - Mozilla/5.0%20(compatible;%20Qwantify-dev1775/1.0;%20+https://help.qwant.com/bot/) [12/Jul/2023:03:16:08 +0200] "GET /~wnabee/ HTTP/1.0" 200 1329
194.187.169.42 - Mozilla/5.0%20(compatible;%20Qwantify-dev1775/1.0;%20+https://help.qwant.com/bot/) [12/Jul/2023:03:19:51 +0200] "GET /~wnabee/ HTTP/1.0" 200 1332
194.187.169.42 - Mozilla/5.0%20(compatible;%20Qwantify-dev1775/1.0;%20+https://help.qwant.com/bot/) [12/Jul/2023:03:23:00 +0200] "GET /~wnabee/ HTTP/1.0" 200 1330
194.187.169.42 - Mozilla/5.0%20(compatible;%20Qwantify-dev1775/1.0;%20+https://help.qwant.com/bot/) [12/Jul/2023:03:26:51 +0200] "GET /~wnabee/ HTTP/1.0" 200 1331
194.187.169.42 - Mozilla/5.0%20(compatible;%20Qwantify-dev1775/1.0;%20+https://help.qwant.com/bot/) [12/Jul/2023:03:30:10 +0200] "GET /~wnabee/ HTTP/1.0" 200 1332
194.187.169.42 - Mozilla/5.0%20(compatible;%20Qwantify-dev1775/1.0;%20+https://help.qwant.com/bot/) [12/Jul/2023:03:33:34 +0200] "GET /~wnabee/ HTTP/1.0" 200 1330
194.187.169.42 - Mozilla/5.0%20(compatible;%20Qwantify-dev1775/1.0;%20+https://help.qwant.com/bot/) [12/Jul/2023:04:50:25 +0200] "GET /~wnabee/ HTTP/1.0" 200 1329
194.187.169.42 - Mozilla/5.0%20(compatible;%20Qwantify-dev1775/1.0;%20+https://help.qwant.com/bot/) [12/Jul/2023:04:54:21 +0200] "GET /~wnabee/ HTTP/1.0" 200 1330
194.187.169.42 - Mozilla/5.0%20(compatible;%20Qwantify-dev1775/1.0;%20+https://help.qwant.com/bot/) [12/Jul/2023:04:57:41 +0200] "GET /~wnabee/ HTTP/1.0" 200 1329
194.187.169.42 - Mozilla/5.0%20(compatible;%20Qwantify-dev1775/1.0;%20+https://help.qwant.com/bot/) [12/Jul/2023:05:00:42 +0200] "GET /~wnabee/ HTTP/1.0" 200 1329
194.187.169.42 - Mozilla/5.0%20(compatible;%20Qwantify-dev1775/1.0;%20+https://help.qwant.com/bot/) [12/Jul/2023:05:03:52 +0200] "GET /~wnabee/ HTTP/1.0" 200 1329
194.187.169.42 - Mozilla/5.0%20(compatible;%20Qwantify-dev1775/1.0;%20+https://help.qwant.com/bot/) [12/Jul/2023:05:06:39 +0200] "GET /~wnabee/ HTTP/1.0" 200 1327
197.237.78.192 http://www.lysator.liu.se/~wnabee Mozilla/4.0%20(compatible;%20MSIE%206.0;%20Windows%20NT%205.1;%20SV1;%20.NET%20CLR%202.0.50727;%20.NET%20CLR%201.1.4322) [12/Jul/2023:06:08:06 +0200] "GET /~wnabee/ HTTP/1.0" 200 6300
197.237.78.192 http://www.lysator.liu.se/~wnabee Mozilla/4.0%20(compatible;%20MSIE%206.0;%20Windows%20NT%205.1;%20SV1;%20.NET%20CLR%202.0.50727;%20.NET%20CLR%201.1.4322) [12/Jul/2023:06:08:07 +0200] "GET /~wnabee/ HTTP/1.0" 200 6300
135.181.4.69 https://www.lysator.liu.se/~wnabee/ Mozilla/5.0%20(compatible;%20SeekportBot;%20+https://bot.seekport.com) [12/Jul/2023:06:18:30 +0200] "GET /~wnabee/?sort=name&reverse=1 HTTP/1.0" 200 6364
135.181.4.69 https://www.lysator.liu.se/~wnabee/ Mozilla/5.0%20(compatible;%20SeekportBot;%20+https://bot.seekport.com) [12/Jul/2023:06:18:36 +0200] "GET /~wnabee/?sort=size HTTP/1.0" 200 6296
135.181.4.69 https://www.lysator.liu.se/~wnabee/ Mozilla/5.0%20(compatible;%20SeekportBot;%20+https://bot.seekport.com) [12/Jul/2023:06:18:41 +0200] "GET /~wnabee/?sort=type HTTP/1.0" 200 6296
135.181.4.69 https://www.lysator.liu.se/~wnabee/ Mozilla/5.0%20(compatible;%20SeekportBot;%20+https://bot.seekport.com) [12/Jul/2023:06:18:46 +0200] "GET /~wnabee/?sort=modified HTTP/1.0" 200 6296
135.181.4.69 https://www.lysator.liu.se/~wnabee/ Mozilla/5.0%20(compatible;%20SeekportBot;%20+https://bot.seekport.com) [12/Jul/2023:06:18:51 +0200] "GET /~wnabee/AccessLog HTTP/1.0" 200 679628
194.187.169.42 - Mozilla/5.0%20(compatible;%20Qwantify-dev1775/1.0;%20+https://help.qwant.com/bot/) [12/Jul/2023:06:24:18 +0200] "GET /~wnabee/ HTTP/1.0" 200 1329
194.187.169.42 - Mozilla/5.0%20(compatible;%20Qwantify-dev1775/1.0;%20+https://help.qwant.com/bot/) [12/Jul/2023:06:27:55 +0200] "GET /~wnabee/ HTTP/1.0" 200 1329
194.187.169.42 - Mozilla/5.0%20(compatible;%20Qwantify-dev1775/1.0;%20+https://help.qwant.com/bot/) [12/Jul/2023:06:31:39 +0200] "GET /~wnabee/ HTTP/1.0" 200 1330
194.187.169.42 - Mozilla/5.0%20(compatible;%20Qwantify-dev1775/1.0;%20+https://help.qwant.com/bot/) [12/Jul/2023:06:34:51 +0200] "GET /~wnabee/ HTTP/1.0" 200 1330
194.187.169.42 - Mozilla/5.0%20(compatible;%20Qwantify-dev1775/1.0;%20+https://help.qwant.com/bot/) [12/Jul/2023:06:38:19 +0200] "GET /~wnabee/ HTTP/1.0" 200 1329
194.187.169.42 - Mozilla/5.0%20(compatible;%20Qwantify-dev1775/1.0;%20+https://help.qwant.com/bot/) [12/Jul/2023:07:53:17 +0200] "GET /~wnabee/ HTTP/1.0" 200 1330
194.187.169.42 - Mozilla/5.0%20(compatible;%20Qwantify-dev1775/1.0;%20+https://help.qwant.com/bot/) [12/Jul/2023:07:56:09 +0200] "GET /~wnabee/ HTTP/1.0" 200 1329
194.187.169.42 - Mozilla/5.0%20(compatible;%20Qwantify-dev1775/1.0;%20+https://help.qwant.com/bot/) [12/Jul/2023:07:59:53 +0200] "GET /~wnabee/ HTTP/1.0" 200 1329
194.187.169.42 - Mozilla/5.0%20(compatible;%20Qwantify-dev1775/1.0;%20+https://help.qwant.com/bot/) [12/Jul/2023:08:03:18 +0200] "GET /~wnabee/ HTTP/1.0" 200 1330
194.187.169.42 - Mozilla/5.0%20(compatible;%20Qwantify-dev1775/1.0;%20+https://help.qwant.com/bot/) [12/Jul/2023:08:06:16 +0200] "GET /~wnabee/ HTTP/1.0" 200 1328
194.187.169.42 - Mozilla/5.0%20(compatible;%20Qwantify-dev1775/1.0;%20+https://help.qwant.com/bot/) [12/Jul/2023:09:23:06 +0200] "GET /~wnabee/ HTTP/1.0" 200 1329
194.187.169.42 - Mozilla/5.0%20(compatible;%20Qwantify-dev1775/1.0;%20+https://help.qwant.com/bot/) [12/Jul/2023:09:28:27 +0200] "GET /~wnabee/ HTTP/1.0" 200 1332
194.187.169.42 - Mozilla/5.0%20(compatible;%20Qwantify-dev1775/1.0;%20+https://help.qwant.com/bot/) [12/Jul/2023:09:32:34 +0200] "GET /~wnabee/ HTTP/1.0" 200 1330
194.187.169.42 - Mozilla/5.0%20(compatible;%20Qwantify-dev1775/1.0;%20+https://help.qwant.com/bot/) [12/Jul/2023:09:36:50 +0200] "GET /~wnabee/ HTTP/1.0" 200 1329
194.187.169.42 - Mozilla/5.0%20(compatible;%20Qwantify-dev1775/1.0;%20+https://help.qwant.com/bot/) [12/Jul/2023:10:59:11 +0200] "GET /~wnabee/ HTTP/1.0" 200 1331
194.187.169.42 - Mozilla/5.0%20(compatible;%20Qwantify-dev1775/1.0;%20+https://help.qwant.com/bot/) [12/Jul/2023:11:06:25 +0200] "GET /~wnabee/ HTTP/1.0" 200 1328
194.187.169.42 - Mozilla/5.0%20(compatible;%20Qwantify-dev1775/1.0;%20+https://help.qwant.com/bot/) [12/Jul/2023:11:12:25 +0200] "GET /~wnabee/ HTTP/1.0" 200 1329
194.187.169.42 - Mozilla/5.0%20(compatible;%20Qwantify-dev1775/1.0;%20+https://help.qwant.com/bot/) [12/Jul/2023:11:17:53 +0200] "GET /~wnabee/ HTTP/1.0" 200 1328
135.181.4.69 https://www.lysator.liu.se/~wnabee/?sort=name&reverse=1 Mozilla/5.0%20(compatible;%20SeekportBot;%20+https://bot.seekport.com) [12/Jul/2023:11:22:13 +0200] "GET /~wnabee/?sort=name HTTP/1.0" 200 6296
135.181.4.69 https://www.lysator.liu.se/~wnabee/?sort=size Mozilla/5.0%20(compatible;%20SeekportBot;%20+https://bot.seekport.com) [12/Jul/2023:11:22:19 +0200] "GET /~wnabee/?sort=size&reverse=1 HTTP/1.0" 200 6364
135.181.4.69 https://www.lysator.liu.se/~wnabee/?sort=type Mozilla/5.0%20(compatible;%20SeekportBot;%20+https://bot.seekport.com) [12/Jul/2023:11:22:24 +0200] "GET /~wnabee/?sort=type&reverse=1 HTTP/1.0" 200 6364
135.181.4.69 https://www.lysator.liu.se/~wnabee/?sort=modified Mozilla/5.0%20(compatible;%20SeekportBot;%20+https://bot.seekport.com) [12/Jul/2023:11:22:29 +0200] "GET /~wnabee/?sort=modified&reverse=1 HTTP/1.0" 200 6364
194.187.169.42 - Mozilla/5.0%20(compatible;%20Qwantify-dev1775/1.0;%20+https://help.qwant.com/bot/) [12/Jul/2023:12:34:09 +0200] "GET /~wnabee/ HTTP/1.0" 200 1327
194.187.169.42 - Mozilla/5.0%20(compatible;%20Qwantify-dev1775/1.0;%20+https://help.qwant.com/bot/) [12/Jul/2023:12:37:46 +0200] "GET /~wnabee/ HTTP/1.0" 200 1331
194.187.169.42 - Mozilla/5.0%20(compatible;%20Qwantify-dev1775/1.0;%20+https://help.qwant.com/bot/) [12/Jul/2023:12:41:13 +0200] "GET /~wnabee/ HTTP/1.0" 200 1329
194.187.169.42 - Mozilla/5.0%20(compatible;%20Qwantify-dev1775/1.0;%20+https://help.qwant.com/bot/) [12/Jul/2023:12:44:48 +0200] "GET /~wnabee/ HTTP/1.0" 200 1329
211.249.46.180 - Mozilla/5.0%20(compatible;%20Yeti/1.1;%20+https://naver.me/spd) [12/Jul/2023:13:36:01 +0200] "GET /~wnabee/?sort=type&reverse=1 HTTP/1.0" 200 1314
194.187.169.42 - Mozilla/5.0%20(compatible;%20Qwantify-dev1775/1.0;%20+https://help.qwant.com/bot/) [12/Jul/2023:13:59:06 +0200] "GET /~wnabee/ HTTP/1.0" 200 1330
114.111.32.46 - Mozilla/5.0%20(compatible;%20Yeti/1.1;%20+https://naver.me/spd) [12/Jul/2023:13:59:47 +0200] "GET /~wnabee/?sort=modified&reverse=1 HTTP/1.0" 200 1322
194.187.169.42 - Mozilla/5.0%20(compatible;%20Qwantify-dev1775/1.0;%20+https://help.qwant.com/bot/) [12/Jul/2023:14:07:20 +0200] "GET /~wnabee/ HTTP/1.0" 200 1332
194.187.169.42 - Mozilla/5.0%20(compatible;%20Qwantify-dev1775/1.0;%20+https://help.qwant.com/bot/) [12/Jul/2023:15:15:37 +0200] "GET /~wnabee/ HTTP/1.0" 200 1329
194.187.169.42 - Mozilla/5.0%20(compatible;%20Qwantify-dev1775/1.0;%20+https://help.qwant.com/bot/) [12/Jul/2023:15:18:09 +0200] "GET /~wnabee/ HTTP/1.0" 200 1329
194.187.169.42 - Mozilla/5.0%20(compatible;%20Qwantify-dev1775/1.0;%20+https://help.qwant.com/bot/) [12/Jul/2023:15:20:49 +0200] "GET /~wnabee/ HTTP/1.0" 200 1330
66.249.79.166 - Mozilla/5.0%20(compatible;%20Googlebot/2.1;%20+http://www.google.com/bot.html) [12/Jul/2023:15:38:08 +0200] "GET /~wnabee/liupeekerposter1.pdf HTTP/1.0" 200 6308873
194.187.169.42 - Mozilla/5.0%20(compatible;%20Qwantify-dev1775/1.0;%20+https://help.qwant.com/bot/) [12/Jul/2023:16:30:48 +0200] "GET /~wnabee/ HTTP/1.0" 200 1328
194.187.169.42 - Mozilla/5.0%20(compatible;%20Qwantify-dev1775/1.0;%20+https://help.qwant.com/bot/) [12/Jul/2023:16:32:45 +0200] "GET /~wnabee/ HTTP/1.0" 200 1330
194.187.169.42 - Mozilla/5.0%20(compatible;%20Qwantify-dev1775/1.0;%20+https://help.qwant.com/bot/) [12/Jul/2023:16:35:13 +0200] "GET /~wnabee/ HTTP/1.0" 200 1329
194.187.169.42 - Mozilla/5.0%20(compatible;%20Qwantify-dev1775/1.0;%20+https://help.qwant.com/bot/) [12/Jul/2023:16:37:17 +0200] "GET /~wnabee/ HTTP/1.0" 200 1329
194.187.169.42 - Mozilla/5.0%20(compatible;%20Qwantify-dev1775/1.0;%20+https://help.qwant.com/bot/) [12/Jul/2023:16:39:04 +0200] "GET /~wnabee/ HTTP/1.0" 200 1330
185.191.171.8 - Mozilla/5.0%20(compatible;%20SemrushBot/7~bl;%20+http://www.semrush.com/bot.html) [12/Jul/2023:17:09:47 +0200] "GET /~wnabee/?sort=modified HTTP/1.0" 200 1323
194.187.169.42 - Mozilla/5.0%20(compatible;%20Qwantify-dev1775/1.0;%20+https://help.qwant.com/bot/) [12/Jul/2023:17:46:46 +0200] "GET /~wnabee/ HTTP/1.0" 200 1330
66.249.79.165 - Mozilla/5.0%20(Linux;%20Android%206.0.1;%20Nexus%205X%20Build/MMB29P)%20AppleWebKit/537.36%20(KHTML,%20like%20Gecko)%20Chrome/114.0.5735.179%20Mobile%20Safari/537.36%20(compatible;%20Googlebot/2.1;%20+http://www.google.com/bot.html) [12/Jul/2023:19:03:57 +0200] "GET /~wnabee/liupeekerposter1.pdf HTTP/1.0" 304 219
194.187.169.42 - Mozilla/5.0%20(compatible;%20Qwantify-dev1775/1.0;%20+https://help.qwant.com/bot/) [12/Jul/2023:20:30:34 +0200] "GET /~wnabee/ HTTP/1.0" 200 1330
64.62.158.120 - Mozilla/5.0%20(Windows%20NT%2010.0;%20Win64;%20x64)%20AppleWebKit/537.36%20(KHTML,%20like%20Gecko)%20Chrome/114.0.0.0%20Safari/537.36 [12/Jul/2023:23:27:55 +0200] "GET /~wnabee/?sort=name&reverse=1 HTTP/1.0" 200 6364
216.218.191.226 - Mozilla/5.0%20(X11;%20Linux%20x86_64)%20AppleWebKit/537.36%20(KHTML,%20like%20Gecko)%20Chrome/114.0.5735.133%20Safari/537.36 [12/Jul/2023:23:27:55 +0200] "GET /~wnabee/?sort=name&reverse=1 HTTP/1.0" 200 1312
216.218.191.226 http://www.lysator.liu.se/~wnabee/?sort=name&reverse=1 Mozilla/5.0%20(X11;%20Linux%20x86_64)%20AppleWebKit/537.36%20(KHTML,%20like%20Gecko)%20Chrome/114.0.5735.133%20Safari/537.36 [12/Jul/2023:23:27:56 +0200] "GET /~wnabee/internal-gopher-image HTTP/1.0" 200 496
216.218.191.226 http://www.lysator.liu.se/~wnabee/?sort=name&reverse=1 Mozilla/5.0%20(X11;%20Linux%20x86_64)%20AppleWebKit/537.36%20(KHTML,%20like%20Gecko)%20Chrome/114.0.5735.133%20Safari/537.36 [12/Jul/2023:23:27:56 +0200] "GET /~wnabee/internal-gopher-binary HTTP/1.0" 200 488
216.218.191.226 http://www.lysator.liu.se/~wnabee/?sort=name&reverse=1 Mozilla/5.0%20(X11;%20Linux%20x86_64)%20AppleWebKit/537.36%20(KHTML,%20like%20Gecko)%20Chrome/114.0.5735.133%20Safari/537.36 [12/Jul/2023:23:27:56 +0200] "GET /~wnabee/internal-gopher-text HTTP/1.0" 200 488
64.62.158.120 - Mozilla/5.0%20(Windows%20NT%2010.0;%20Win64;%20x64)%20AppleWebKit/537.36%20(KHTML,%20like%20Gecko)%20Chrome/114.0.0.0%20Safari/537.36 [12/Jul/2023:23:28:00 +0200] "GET /~wnabee/liupeekerposter1.pdf HTTP/1.0" 200 6308873
64.62.158.120 - Mozilla/5.0%20(Windows%20NT%2010.0;%20Win64;%20x64)%20AppleWebKit/537.36%20(KHTML,%20like%20Gecko)%20Chrome/114.0.0.0%20Safari/537.36 [12/Jul/2023:23:28:05 +0200] "GET /~wnabee/?sort=modified HTTP/1.0" 200 6296
216.218.141.227 - Mozilla/5.0%20(X11;%20Linux%20x86_64)%20AppleWebKit/537.36%20(KHTML,%20like%20Gecko)%20Chrome/114.0.5735.133%20Safari/537.36 [12/Jul/2023:23:28:05 +0200] "GET /~wnabee/?sort=modified HTTP/1.0" 200 1324
216.218.141.227 http://www.lysator.liu.se/~wnabee/?sort=modified Mozilla/5.0%20(X11;%20Linux%20x86_64)%20AppleWebKit/537.36%20(KHTML,%20like%20Gecko)%20Chrome/114.0.5735.133%20Safari/537.36 [12/Jul/2023:23:28:06 +0200] "GET /~wnabee/internal-gopher-text HTTP/1.0" 200 488
216.218.141.227 http://www.lysator.liu.se/~wnabee/?sort=modified Mozilla/5.0%20(X11;%20Linux%20x86_64)%20AppleWebKit/537.36%20(KHTML,%20like%20Gecko)%20Chrome/114.0.5735.133%20Safari/537.36 [12/Jul/2023:23:28:06 +0200] "GET /~wnabee/internal-gopher-image HTTP/1.0" 200 496
216.218.141.227 http://www.lysator.liu.se/~wnabee/?sort=modified Mozilla/5.0%20(X11;%20Linux%20x86_64)%20AppleWebKit/537.36%20(KHTML,%20like%20Gecko)%20Chrome/114.0.5735.133%20Safari/537.36 [12/Jul/2023:23:28:06 +0200] "GET /~wnabee/internal-gopher-binary HTTP/1.0" 200 488
64.62.158.120 - Mozilla/5.0%20(Windows%20NT%2010.0;%20Win64;%20x64)%20AppleWebKit/537.36%20(KHTML,%20like%20Gecko)%20Chrome/114.0.0.0%20Safari/537.36 [12/Jul/2023:23:28:10 +0200] "GET /~wnabee/?sort=size HTTP/1.0" 200 6296
216.218.147.201 - Mozilla/5.0%20(X11;%20Linux%20x86_64)%20AppleWebKit/537.36%20(KHTML,%20like%20Gecko)%20Chrome/114.0.5735.133%20Safari/537.36 [12/Jul/2023:23:28:10 +0200] "GET /~wnabee/?sort=size HTTP/1.0" 200 1336
216.218.147.201 http://www.lysator.liu.se/~wnabee/?sort=size Mozilla/5.0%20(X11;%20Linux%20x86_64)%20AppleWebKit/537.36%20(KHTML,%20like%20Gecko)%20Chrome/114.0.5735.133%20Safari/537.36 [12/Jul/2023:23:28:11 +0200] "GET /~wnabee/internal-gopher-image HTTP/1.0" 200 496
216.218.147.201 http://www.lysator.liu.se/~wnabee/?sort=size Mozilla/5.0%20(X11;%20Linux%20x86_64)%20AppleWebKit/537.36%20(KHTML,%20like%20Gecko)%20Chrome/114.0.5735.133%20Safari/537.36 [12/Jul/2023:23:28:11 +0200] "GET /~wnabee/internal-gopher-binary HTTP/1.0" 200 488
216.218.147.201 http://www.lysator.liu.se/~wnabee/?sort=size Mozilla/5.0%20(X11;%20Linux%20x86_64)%20AppleWebKit/537.36%20(KHTML,%20like%20Gecko)%20Chrome/114.0.5735.133%20Safari/537.36 [12/Jul/2023:23:28:11 +0200] "GET /~wnabee/internal-gopher-text HTTP/1.0" 200 488
64.62.158.120 - Mozilla/5.0%20(Windows%20NT%2010.0;%20Win64;%20x64)%20AppleWebKit/537.36%20(KHTML,%20like%20Gecko)%20Chrome/114.0.0.0%20Safari/537.36 [12/Jul/2023:23:28:15 +0200] "GET /~wnabee/liupeekerposter2.svg HTTP/1.0" 200 16216314
20.169.198.14 - Mozilla/5.0%20(X11;%20Linux%20x86_64)%20AppleWebKit/537.36%20(KHTML,%20like%20Gecko)%20Chrome/114.0.5735.133%20Safari/537.36 [12/Jul/2023:23:28:25 +0200] "GET /~wnabee/liupeekerposter2.svg HTTP/1.0" 200 16216314
52.179.190.72 http://www.diffbot.com Mozilla/5.0%20(Windows;%20U;%20Windows%20NT%205.1;%20en-US;%20rv:1.9.1.2)%20Gecko/20090729%20Firefox/3.5.2%20(.NET%20CLR%203.5.30729;%20Diffbot/0.1;%20+http://www.diffbot.com) [12/Jul/2023:23:28:29 +0200] "GET /~wnabee/liupeekerposter2.svg HTTP/1.0" 200 16216314
64.62.158.120 - Mozilla/5.0%20(Windows%20NT%2010.0;%20Win64;%20x64)%20AppleWebKit/537.36%20(KHTML,%20like%20Gecko)%20Chrome/114.0.0.0%20Safari/537.36 [12/Jul/2023:23:28:32 +0200] "GET /~wnabee/liupeekerposter4.svg HTTP/1.0" 200 175459
20.169.198.14 - Mozilla/5.0%20(X11;%20Linux%20x86_64)%20AppleWebKit/537.36%20(KHTML,%20like%20Gecko)%20Chrome/114.0.5735.133%20Safari/537.36 [12/Jul/2023:23:28:34 +0200] "GET /~wnabee/liupeekerposter4.svg HTTP/1.0" 200 71886
64.62.158.120 - Mozilla/5.0%20(Windows%20NT%2010.0;%20Win64;%20x64)%20AppleWebKit/537.36%20(KHTML,%20like%20Gecko)%20Chrome/114.0.0.0%20Safari/537.36 [12/Jul/2023:23:28:37 +0200] "GET /~wnabee/?sort=type HTTP/1.0" 200 6296
20.169.197.170 - Mozilla/5.0%20(X11;%20Linux%20x86_64)%20AppleWebKit/537.36%20(KHTML,%20like%20Gecko)%20Chrome/114.0.5735.133%20Safari/537.36 [12/Jul/2023:23:28:37 +0200] "GET /~wnabee/?sort=type HTTP/1.0" 200 1334
20.169.197.170 http://www.lysator.liu.se/~wnabee/?sort=type Mozilla/5.0%20(X11;%20Linux%20x86_64)%20AppleWebKit/537.36%20(KHTML,%20like%20Gecko)%20Chrome/114.0.5735.133%20Safari/537.36 [12/Jul/2023:23:28:37 +0200] "GET /~wnabee/internal-gopher-binary HTTP/1.0" 200 488
20.169.197.170 http://www.lysator.liu.se/~wnabee/?sort=type Mozilla/5.0%20(X11;%20Linux%20x86_64)%20AppleWebKit/537.36%20(KHTML,%20like%20Gecko)%20Chrome/114.0.5735.133%20Safari/537.36 [12/Jul/2023:23:28:37 +0200] "GET /~wnabee/internal-gopher-image HTTP/1.0" 200 496
20.169.197.170 http://www.lysator.liu.se/~wnabee/?sort=type Mozilla/5.0%20(X11;%20Linux%20x86_64)%20AppleWebKit/537.36%20(KHTML,%20like%20Gecko)%20Chrome/114.0.5735.133%20Safari/537.36 [12/Jul/2023:23:28:37 +0200] "GET /~wnabee/internal-gopher-text HTTP/1.0" 200 488
64.62.158.120 - Mozilla/5.0%20(Windows%20NT%2010.0;%20Win64;%20x64)%20AppleWebKit/537.36%20(KHTML,%20like%20Gecko)%20Chrome/114.0.0.0%20Safari/537.36 [12/Jul/2023:23:28:43 +0200] "GET /~wnabee/AccessLog HTTP/1.0" 200 693753
20.169.198.14 - Mozilla/5.0%20(X11;%20Linux%20x86_64)%20AppleWebKit/537.36%20(KHTML,%20like%20Gecko)%20Chrome/114.0.5735.133%20Safari/537.36 [12/Jul/2023:23:28:51 +0200] "GET /~wnabee/AccessLog HTTP/1.0" 200 693977
194.187.169.42 - Mozilla/5.0%20(compatible;%20Qwantify-dev1775/1.0;%20+https://help.qwant.com/bot/) [12/Jul/2023:23:52:58 +0200] "GET /~wnabee/ HTTP/1.0" 200 1328
213.180.203.162 - Mozilla/5.0%20(compatible;%20YandexBot/3.0;%20+http://yandex.com/bots)%20AppleWebKit/537.36%20(KHTML,%20like%20Gecko)%20Chrome/108.0.0.0 [13/Jul/2023:05:47:36 +0200] "GET /~wnabee/ HTTP/1.0" 200 1328
66.249.79.169 - Googlebot-Image/1.0 [13/Jul/2023:06:25:44 +0200] "GET /~wnabee/Lukashenkonoimage.png HTTP/1.0" 200 341329
66.249.79.169 - Googlebot-Image/1.0 [13/Jul/2023:06:28:47 +0200] "GET /~wnabee/Liupeekerlogo1.png HTTP/1.0" 200 79366
66.249.79.168 - Googlebot-Image/1.0 [13/Jul/2023:06:55:26 +0200] "GET /~wnabee/liupeekerposter2.svg HTTP/1.0" 200 16216314
66.249.79.167 - Googlebot-Image/1.0 [13/Jul/2023:07:05:38 +0200] "GET /~wnabee/aretrapsgay.png HTTP/1.0" 200 841807
66.249.79.167 - Googlebot-Image/1.0 [13/Jul/2023:07:07:40 +0200] "GET /~wnabee/lukashenkopointing.png HTTP/1.0" 200 106254
66.249.79.169 - Googlebot-Image/1.0 [13/Jul/2023:07:14:26 +0200] "GET /~wnabee/liupeekerposter4.svg HTTP/1.0" 200 71886
66.249.79.13 - Googlebot-Image/1.0 [13/Jul/2023:07:34:17 +0200] "GET /~wnabee/aretrapsgay.png HTTP/1.0" 200 841807
66.249.66.194 - Mozilla/5.0%20(compatible;%20Googlebot/2.1;%20+http://www.google.com/bot.html) [13/Jul/2023:13:39:16 +0200] "GET /~wnabee/liupeekerposter1.pdf HTTP/1.0" 200 6308873
194.187.169.42 - Mozilla/5.0%20(compatible;%20Qwantify-dev1775/1.0;%20+https://help.qwant.com/bot/) [13/Jul/2023:14:11:45 +0200] "GET /~wnabee/ HTTP/1.0" 200 1328
66.249.66.199 - Googlebot-Image/1.0 [13/Jul/2023:14:51:49 +0200] "GET /~wnabee/lukashenkopointing.png HTTP/1.0" 200 106254
66.249.66.33 - Googlebot-Image/1.0 [13/Jul/2023:14:59:50 +0200] "GET /~wnabee/liupeekerposter2.svg HTTP/1.0" 200 16216314
66.249.66.168 - Googlebot-Image/1.0 [13/Jul/2023:15:07:52 +0200] "GET /~wnabee/liupeekerposter4.svg HTTP/1.0" 200 71886
66.249.66.33 - Googlebot-Image/1.0 [13/Jul/2023:15:31:58 +0200] "GET /~wnabee/you%27reawizardlukashenko.png HTTP/1.0" 200 198348
66.249.66.12 - Googlebot-Image/1.0 [13/Jul/2023:16:20:14 +0200] "GET /~wnabee/Lukashenkonoimage.png HTTP/1.0" 200 341329
66.249.66.72 - Mozilla/5.0%20(Linux;%20Android%206.0.1;%20Nexus%205X%20Build/MMB29P)%20AppleWebKit/537.36%20(KHTML,%20like%20Gecko)%20Chrome/114.0.5735.179%20Mobile%20Safari/537.36%20(compatible;%20Googlebot/2.1;%20+http://www.google.com/bot.html) [13/Jul/2023:17:00:04 +0200] "GET /~wnabee/liupeekerposter1.pdf HTTP/1.0" 304 219
185.191.171.23 - Mozilla/5.0%20(compatible;%20SemrushBot/7~bl;%20+http://www.semrush.com/bot.html) [13/Jul/2023:17:41:21 +0200] "GET /~wnabee/?reverse=1&sort=name HTTP/1.0" 200 1312
